{"id":13013,"date":"2021-11-30T22:08:52","date_gmt":"2021-12-01T00:08:52","guid":{"rendered":"https:\/\/museuflorestal.ambiente.sp.gov.br\/acervo\/?post_type=tnc_col_329_item&#038;p=13013"},"modified":"2021-11-30T22:08:53","modified_gmt":"2021-12-01T00:08:53","slug":"gaveteiro-4","status":"publish","type":"tnc_col_329_item","link":"https:\/\/museuflorestal.ambiente.sp.gov.br\/acervo\/museu-florestal-octavio-vecchi\/gaveteiro-4\/","title":{"rendered":"Gaveteiro"},"content":{"rendered":"<p>Gaveteiro de madeira, na cor natural da madeira. Possui nove gavetas dispostas verticalmente, com dois puxadores redondos cada e moldura de metal no meio. Possui acabamentos entalhados na parte superior e pr\u00f3ximo aos p\u00e9s. Possui quatro p\u00e9s redondos torneados. Na parte posterior, h\u00e1 uma placa de metal fixada por tachas com a inscri\u00e7\u00e3o &#8220;IF00008&#8221;.<\/p>\n","protected":false},"featured_media":13015,"parent":0,"menu_order":0,"comment_status":"closed","ping_status":"closed","template":"","format":"standard","_links":{"self":[{"href":"https:\/\/museuflorestal.ambiente.sp.gov.br\/acervo\/wp-json\/wp\/v2\/tnc_col_329_item\/13013"}],"collection":[{"href":"https:\/\/museuflorestal.ambiente.sp.gov.br\/acervo\/wp-json\/wp\/v2\/tnc_col_329_item"}],"about":[{"href":"https:\/\/museuflorestal.ambiente.sp.gov.br\/acervo\/wp-json\/wp\/v2\/types\/tnc_col_329_item"}],"replies":[{"embeddable":true,"href":"https:\/\/museuflorestal.ambiente.sp.gov.br\/acervo\/wp-json\/wp\/v2\/comments?post=13013"}],"version-history":[{"count":0,"href":"https:\/\/museuflorestal.ambiente.sp.gov.br\/acervo\/wp-json\/wp\/v2\/tnc_col_329_item\/13013\/revisions"}],"wp:featuredmedia":[{"embeddable":true,"href":"https:\/\/museuflorestal.ambiente.sp.gov.br\/acervo\/wp-json\/wp\/v2\/media\/13015"}],"wp:attachment":[{"href":"https:\/\/museuflorestal.ambiente.sp.gov.br\/acervo\/wp-json\/wp\/v2\/media?parent=13013"}],"curies":[{"name":"wp","href":"https:\/\/api.w.org\/{rel}","templated":true}]}}

<p>Gaveteiro de madeira, na cor natural da madeira. Possui nove gavetas dispostas verticalmente, com dois puxadores redondos cada e moldura de metal no meio. Possui acabamentos entalhados na parte superior e próximo aos pés. Possui quatro pés redondos torneados. Na parte posterior, há uma placa de metal fixada por tachas com a inscrição &#8220;IF00008&#8221;.</p>
