{"id":13168,"date":"2021-11-30T22:12:50","date_gmt":"2021-12-01T00:12:50","guid":{"rendered":"https:\/\/museuflorestal.ambiente.sp.gov.br\/acervo\/?post_type=tnc_col_329_item&#038;p=13168"},"modified":"2021-11-30T22:12:52","modified_gmt":"2021-12-01T00:12:52","slug":"placa-de-madeira-com-aplicacao-de-charao","status":"publish","type":"tnc_col_329_item","link":"https:\/\/museuflorestal.ambiente.sp.gov.br\/acervo\/museu-florestal-octavio-vecchi\/placa-de-madeira-com-aplicacao-de-charao\/","title":{"rendered":"Placa de madeira com aplica\u00e7\u00e3o de char\u00e3o"},"content":{"rendered":"<p>Placa retangular de madeira com aplica\u00e7\u00e3o de char\u00e3o na frente. No verso, tecido de algod\u00e3o aparente e etiqueta com a inscri\u00e7\u00e3o &#8220;prova ultima m\u00e3o 40%&#8221; e palavra ileg\u00edvel.<\/p>\n","protected":false},"featured_media":13170,"parent":0,"menu_order":0,"comment_status":"closed","ping_status":"closed","template":"","format":"standard","_links":{"self":[{"href":"https:\/\/museuflorestal.ambiente.sp.gov.br\/acervo\/wp-json\/wp\/v2\/tnc_col_329_item\/13168"}],"collection":[{"href":"https:\/\/museuflorestal.ambiente.sp.gov.br\/acervo\/wp-json\/wp\/v2\/tnc_col_329_item"}],"about":[{"href":"https:\/\/museuflorestal.ambiente.sp.gov.br\/acervo\/wp-json\/wp\/v2\/types\/tnc_col_329_item"}],"replies":[{"embeddable":true,"href":"https:\/\/museuflorestal.ambiente.sp.gov.br\/acervo\/wp-json\/wp\/v2\/comments?post=13168"}],"version-history":[{"count":0,"href":"https:\/\/museuflorestal.ambiente.sp.gov.br\/acervo\/wp-json\/wp\/v2\/tnc_col_329_item\/13168\/revisions"}],"wp:featuredmedia":[{"embeddable":true,"href":"https:\/\/museuflorestal.ambiente.sp.gov.br\/acervo\/wp-json\/wp\/v2\/media\/13170"}],"wp:attachment":[{"href":"https:\/\/museuflorestal.ambiente.sp.gov.br\/acervo\/wp-json\/wp\/v2\/media?parent=13168"}],"curies":[{"name":"wp","href":"https:\/\/api.w.org\/{rel}","templated":true}]}}

Placa de madeira com aplicação de charão

<p>Placa retangular de madeira com aplicação de charão na frente. No verso, tecido de algodão aparente e etiqueta com a inscrição &#8220;prova ultima mão 40%&#8221; e palavra ilegível.</p>
