{"id":13211,"date":"2021-11-30T22:14:04","date_gmt":"2021-12-01T00:14:04","guid":{"rendered":"https:\/\/museuflorestal.ambiente.sp.gov.br\/acervo\/?post_type=tnc_col_329_item&#038;p=13211"},"modified":"2021-11-30T22:14:06","modified_gmt":"2021-12-01T00:14:06","slug":"bandeja-com-aplicacao-de-charao-4","status":"publish","type":"tnc_col_329_item","link":"https:\/\/museuflorestal.ambiente.sp.gov.br\/acervo\/museu-florestal-octavio-vecchi\/bandeja-com-aplicacao-de-charao-4\/","title":{"rendered":"Bandeja com aplica\u00e7\u00e3o de char\u00e3o"},"content":{"rendered":"<p>Bandeja retangular de madeira com aplica\u00e7\u00e3o de char\u00e3o. Possui al\u00e7as e uma representa\u00e7\u00e3o de duas flores vermelhas com detalhes em dourado. No verso h\u00e1 uma etiqueta com a inscri\u00e7\u00e3o &#8220;CH-04&#8221;.<\/p>\n","protected":false},"featured_media":13212,"parent":0,"menu_order":0,"comment_status":"closed","ping_status":"closed","template":"","format":"standard","_links":{"self":[{"href":"https:\/\/museuflorestal.ambiente.sp.gov.br\/acervo\/wp-json\/wp\/v2\/tnc_col_329_item\/13211"}],"collection":[{"href":"https:\/\/museuflorestal.ambiente.sp.gov.br\/acervo\/wp-json\/wp\/v2\/tnc_col_329_item"}],"about":[{"href":"https:\/\/museuflorestal.ambiente.sp.gov.br\/acervo\/wp-json\/wp\/v2\/types\/tnc_col_329_item"}],"replies":[{"embeddable":true,"href":"https:\/\/museuflorestal.ambiente.sp.gov.br\/acervo\/wp-json\/wp\/v2\/comments?post=13211"}],"version-history":[{"count":0,"href":"https:\/\/museuflorestal.ambiente.sp.gov.br\/acervo\/wp-json\/wp\/v2\/tnc_col_329_item\/13211\/revisions"}],"wp:featuredmedia":[{"embeddable":true,"href":"https:\/\/museuflorestal.ambiente.sp.gov.br\/acervo\/wp-json\/wp\/v2\/media\/13212"}],"wp:attachment":[{"href":"https:\/\/museuflorestal.ambiente.sp.gov.br\/acervo\/wp-json\/wp\/v2\/media?parent=13211"}],"curies":[{"name":"wp","href":"https:\/\/api.w.org\/{rel}","templated":true}]}}

Bandeja com aplicação de charão

<p>Bandeja retangular de madeira com aplicação de charão. Possui alças e uma representação de duas flores vermelhas com detalhes em dourado. No verso há uma etiqueta com a inscrição &#8220;CH-04&#8221;.</p>
