{"id":13527,"date":"2021-11-30T22:22:25","date_gmt":"2021-12-01T00:22:25","guid":{"rendered":"https:\/\/museuflorestal.ambiente.sp.gov.br\/acervo\/?post_type=tnc_col_329_item&#038;p=13527"},"modified":"2021-11-30T22:22:27","modified_gmt":"2021-12-01T00:22:27","slug":"tigela-de-madeira-4","status":"publish","type":"tnc_col_329_item","link":"https:\/\/museuflorestal.ambiente.sp.gov.br\/acervo\/museu-florestal-octavio-vecchi\/tigela-de-madeira-4\/","title":{"rendered":"Tigela de madeira"},"content":{"rendered":"<p>Tigela circular, com bordas altas, base em madeira, veludo vermelho circular colado embaixo, com uma etiqueta com a inscri\u00e7\u00e3o &#8220;falso-barbatim\u00e3o&#8221;.<\/p>\n","protected":false},"featured_media":13528,"parent":0,"menu_order":0,"comment_status":"closed","ping_status":"closed","template":"","format":"standard","_links":{"self":[{"href":"https:\/\/museuflorestal.ambiente.sp.gov.br\/acervo\/wp-json\/wp\/v2\/tnc_col_329_item\/13527"}],"collection":[{"href":"https:\/\/museuflorestal.ambiente.sp.gov.br\/acervo\/wp-json\/wp\/v2\/tnc_col_329_item"}],"about":[{"href":"https:\/\/museuflorestal.ambiente.sp.gov.br\/acervo\/wp-json\/wp\/v2\/types\/tnc_col_329_item"}],"replies":[{"embeddable":true,"href":"https:\/\/museuflorestal.ambiente.sp.gov.br\/acervo\/wp-json\/wp\/v2\/comments?post=13527"}],"version-history":[{"count":0,"href":"https:\/\/museuflorestal.ambiente.sp.gov.br\/acervo\/wp-json\/wp\/v2\/tnc_col_329_item\/13527\/revisions"}],"wp:featuredmedia":[{"embeddable":true,"href":"https:\/\/museuflorestal.ambiente.sp.gov.br\/acervo\/wp-json\/wp\/v2\/media\/13528"}],"wp:attachment":[{"href":"https:\/\/museuflorestal.ambiente.sp.gov.br\/acervo\/wp-json\/wp\/v2\/media?parent=13527"}],"curies":[{"name":"wp","href":"https:\/\/api.w.org\/{rel}","templated":true}]}}

<p>Tigela circular, com bordas altas, base em madeira, veludo vermelho circular colado embaixo, com uma etiqueta com a inscrição &#8220;falso-barbatimão&#8221;.</p>
