{"id":13567,"date":"2021-11-30T22:23:14","date_gmt":"2021-12-01T00:23:14","guid":{"rendered":"https:\/\/museuflorestal.ambiente.sp.gov.br\/acervo\/?post_type=tnc_col_329_item&#038;p=13567"},"modified":"2021-11-30T22:23:17","modified_gmt":"2021-12-01T00:23:17","slug":"carretel-com-charao-carrilho-5","status":"publish","type":"tnc_col_329_item","link":"https:\/\/museuflorestal.ambiente.sp.gov.br\/acervo\/museu-florestal-octavio-vecchi\/carretel-com-charao-carrilho-5\/","title":{"rendered":"Carretel com char\u00e3o (carrilho)"},"content":{"rendered":"<p>Cilindro de madeira coberto de resina de char\u00e3o com aberturas dos dois lados, tendo uma extremidade pintada de marrom escuro e com abertura menor. Corpo segmentado nas duas extremidades. Na centralidade possui uma etiqueta redonda branca, com a inscri\u00e7\u00e3o \u00e0 caneta azul &#8220;OB-156&#8221;.<\/p>\n","protected":false},"featured_media":13568,"parent":0,"menu_order":0,"comment_status":"closed","ping_status":"closed","template":"","format":"standard","_links":{"self":[{"href":"https:\/\/museuflorestal.ambiente.sp.gov.br\/acervo\/wp-json\/wp\/v2\/tnc_col_329_item\/13567"}],"collection":[{"href":"https:\/\/museuflorestal.ambiente.sp.gov.br\/acervo\/wp-json\/wp\/v2\/tnc_col_329_item"}],"about":[{"href":"https:\/\/museuflorestal.ambiente.sp.gov.br\/acervo\/wp-json\/wp\/v2\/types\/tnc_col_329_item"}],"replies":[{"embeddable":true,"href":"https:\/\/museuflorestal.ambiente.sp.gov.br\/acervo\/wp-json\/wp\/v2\/comments?post=13567"}],"version-history":[{"count":0,"href":"https:\/\/museuflorestal.ambiente.sp.gov.br\/acervo\/wp-json\/wp\/v2\/tnc_col_329_item\/13567\/revisions"}],"wp:featuredmedia":[{"embeddable":true,"href":"https:\/\/museuflorestal.ambiente.sp.gov.br\/acervo\/wp-json\/wp\/v2\/media\/13568"}],"wp:attachment":[{"href":"https:\/\/museuflorestal.ambiente.sp.gov.br\/acervo\/wp-json\/wp\/v2\/media?parent=13567"}],"curies":[{"name":"wp","href":"https:\/\/api.w.org\/{rel}","templated":true}]}}

Carretel com charão (carrilho)

<p>Cilindro de madeira coberto de resina de charão com aberturas dos dois lados, tendo uma extremidade pintada de marrom escuro e com abertura menor. Corpo segmentado nas duas extremidades. Na centralidade possui uma etiqueta redonda branca, com a inscrição à caneta azul &#8220;OB-156&#8221;.</p>
