{"id":13608,"date":"2021-11-30T22:24:05","date_gmt":"2021-12-01T00:24:05","guid":{"rendered":"https:\/\/museuflorestal.ambiente.sp.gov.br\/acervo\/?post_type=tnc_col_329_item&#038;p=13608"},"modified":"2021-11-30T22:24:08","modified_gmt":"2021-12-01T00:24:08","slug":"carretel-carrilho-3","status":"publish","type":"tnc_col_329_item","link":"https:\/\/museuflorestal.ambiente.sp.gov.br\/acervo\/museu-florestal-octavio-vecchi\/carretel-carrilho-3\/","title":{"rendered":"Carretel (carrilho)"},"content":{"rendered":"<p>Cone de madeira com aberturas dos dois lados, com uma borda de metal segmentada em duas partes e a outra borda pintada em verde. Segmentado nas duas extremidades. Na centralidade h\u00e1 uma etiqueta redonda branca com a inscri\u00e7\u00e3o \u00e0 caneta azul &#8220;OB-147&#8221;.<\/p>\n","protected":false},"featured_media":13609,"parent":0,"menu_order":0,"comment_status":"closed","ping_status":"closed","template":"","format":"standard","_links":{"self":[{"href":"https:\/\/museuflorestal.ambiente.sp.gov.br\/acervo\/wp-json\/wp\/v2\/tnc_col_329_item\/13608"}],"collection":[{"href":"https:\/\/museuflorestal.ambiente.sp.gov.br\/acervo\/wp-json\/wp\/v2\/tnc_col_329_item"}],"about":[{"href":"https:\/\/museuflorestal.ambiente.sp.gov.br\/acervo\/wp-json\/wp\/v2\/types\/tnc_col_329_item"}],"replies":[{"embeddable":true,"href":"https:\/\/museuflorestal.ambiente.sp.gov.br\/acervo\/wp-json\/wp\/v2\/comments?post=13608"}],"version-history":[{"count":0,"href":"https:\/\/museuflorestal.ambiente.sp.gov.br\/acervo\/wp-json\/wp\/v2\/tnc_col_329_item\/13608\/revisions"}],"wp:featuredmedia":[{"embeddable":true,"href":"https:\/\/museuflorestal.ambiente.sp.gov.br\/acervo\/wp-json\/wp\/v2\/media\/13609"}],"wp:attachment":[{"href":"https:\/\/museuflorestal.ambiente.sp.gov.br\/acervo\/wp-json\/wp\/v2\/media?parent=13608"}],"curies":[{"name":"wp","href":"https:\/\/api.w.org\/{rel}","templated":true}]}}

<p>Cone de madeira com aberturas dos dois lados, com uma borda de metal segmentada em duas partes e a outra borda pintada em verde. Segmentado nas duas extremidades. Na centralidade há uma etiqueta redonda branca com a inscrição à caneta azul &#8220;OB-147&#8221;.</p>
