{"id":13659,"date":"2021-11-30T22:25:08","date_gmt":"2021-12-01T00:25:08","guid":{"rendered":"https:\/\/museuflorestal.ambiente.sp.gov.br\/acervo\/?post_type=tnc_col_329_item&#038;p=13659"},"modified":"2021-11-30T22:25:09","modified_gmt":"2021-12-01T00:25:09","slug":"biombo-com-aplicacao-de-charao","status":"publish","type":"tnc_col_329_item","link":"https:\/\/museuflorestal.ambiente.sp.gov.br\/acervo\/museu-florestal-octavio-vecchi\/biombo-com-aplicacao-de-charao\/","title":{"rendered":"Biombo com aplica\u00e7\u00e3o de char\u00e3o"},"content":{"rendered":"<p>Biombo de madeira trabalhada com char\u00e3o, composto por quatro divis\u00f3rias, com dois p\u00e9s cada, ligadas por dobradi\u00e7as. As divis\u00f3rias nas pontas externas possuem formato retangular com topo arredondado e com recortes nas laterais superiores. As divis\u00f3rias internas tem formato retangular com topo arredondado. Na frente possui desenho com galhos, folhas e flores em tons de marrom e dourado. Em cima e perto dos p\u00e9s, galho com p\u00e1ssaro pousado e plantas ao redor. A esquerda de quem v\u00ea, possui adesivo impresso escrito &#8220;CH-01&#8221; e abaixo da etiqueta, est\u00e1 escrito na madeira com caneta prateada &#8220;CH-01&#8221;.<\/p>\n","protected":false},"featured_media":13661,"parent":0,"menu_order":0,"comment_status":"closed","ping_status":"closed","template":"","format":"standard","_links":{"self":[{"href":"https:\/\/museuflorestal.ambiente.sp.gov.br\/acervo\/wp-json\/wp\/v2\/tnc_col_329_item\/13659"}],"collection":[{"href":"https:\/\/museuflorestal.ambiente.sp.gov.br\/acervo\/wp-json\/wp\/v2\/tnc_col_329_item"}],"about":[{"href":"https:\/\/museuflorestal.ambiente.sp.gov.br\/acervo\/wp-json\/wp\/v2\/types\/tnc_col_329_item"}],"replies":[{"embeddable":true,"href":"https:\/\/museuflorestal.ambiente.sp.gov.br\/acervo\/wp-json\/wp\/v2\/comments?post=13659"}],"version-history":[{"count":0,"href":"https:\/\/museuflorestal.ambiente.sp.gov.br\/acervo\/wp-json\/wp\/v2\/tnc_col_329_item\/13659\/revisions"}],"wp:featuredmedia":[{"embeddable":true,"href":"https:\/\/museuflorestal.ambiente.sp.gov.br\/acervo\/wp-json\/wp\/v2\/media\/13661"}],"wp:attachment":[{"href":"https:\/\/museuflorestal.ambiente.sp.gov.br\/acervo\/wp-json\/wp\/v2\/media?parent=13659"}],"curies":[{"name":"wp","href":"https:\/\/api.w.org\/{rel}","templated":true}]}}

Biombo com aplicação de charão

<p>Biombo de madeira trabalhada com charão, composto por quatro divisórias, com dois pés cada, ligadas por dobradiças. As divisórias nas pontas externas possuem formato retangular com topo arredondado e com recortes nas laterais superiores. As divisórias internas tem formato retangular com topo arredondado. Na frente possui desenho com galhos, folhas e flores em tons de marrom e dourado. Em cima e perto dos pés, galho com pássaro pousado e plantas ao redor. A esquerda de quem vê, possui adesivo impresso escrito &#8220;CH-01&#8221; e abaixo da etiqueta, está escrito na madeira com caneta prateada &#8220;CH-01&#8221;.</p>
