{"id":13748,"date":"2021-11-30T22:26:49","date_gmt":"2021-12-01T00:26:49","guid":{"rendered":"https:\/\/museuflorestal.ambiente.sp.gov.br\/acervo\/?post_type=tnc_col_329_item&#038;p=13748"},"modified":"2021-11-30T22:26:50","modified_gmt":"2021-12-01T00:26:50","slug":"carretel-carrilho-5","status":"publish","type":"tnc_col_329_item","link":"https:\/\/museuflorestal.ambiente.sp.gov.br\/acervo\/museu-florestal-octavio-vecchi\/carretel-carrilho-5\/","title":{"rendered":"Carretel (carrilho)"},"content":{"rendered":"<p>Cone de madeira com aberturas dos dois lados, com bordas de metal, uma segmentada em duas partes, a outra em dois n\u00edveis com tr\u00eas an\u00e9is de metal. Abaixo das duas bordas h\u00e1 uma linha de tinta verde. Corpo segmentado em uma metade, e na metade lisa tem uma etiqueta redonda branca com a inscri\u00e7\u00e3o &#8220;OB-145&#8221;.<\/p>\n","protected":false},"featured_media":13749,"parent":0,"menu_order":0,"comment_status":"closed","ping_status":"closed","template":"","format":"standard","_links":{"self":[{"href":"https:\/\/museuflorestal.ambiente.sp.gov.br\/acervo\/wp-json\/wp\/v2\/tnc_col_329_item\/13748"}],"collection":[{"href":"https:\/\/museuflorestal.ambiente.sp.gov.br\/acervo\/wp-json\/wp\/v2\/tnc_col_329_item"}],"about":[{"href":"https:\/\/museuflorestal.ambiente.sp.gov.br\/acervo\/wp-json\/wp\/v2\/types\/tnc_col_329_item"}],"replies":[{"embeddable":true,"href":"https:\/\/museuflorestal.ambiente.sp.gov.br\/acervo\/wp-json\/wp\/v2\/comments?post=13748"}],"version-history":[{"count":0,"href":"https:\/\/museuflorestal.ambiente.sp.gov.br\/acervo\/wp-json\/wp\/v2\/tnc_col_329_item\/13748\/revisions"}],"wp:featuredmedia":[{"embeddable":true,"href":"https:\/\/museuflorestal.ambiente.sp.gov.br\/acervo\/wp-json\/wp\/v2\/media\/13749"}],"wp:attachment":[{"href":"https:\/\/museuflorestal.ambiente.sp.gov.br\/acervo\/wp-json\/wp\/v2\/media?parent=13748"}],"curies":[{"name":"wp","href":"https:\/\/api.w.org\/{rel}","templated":true}]}}

<p>Cone de madeira com aberturas dos dois lados, com bordas de metal, uma segmentada em duas partes, a outra em dois níveis com três anéis de metal. Abaixo das duas bordas há uma linha de tinta verde. Corpo segmentado em uma metade, e na metade lisa tem uma etiqueta redonda branca com a inscrição &#8220;OB-145&#8221;.</p>
