{"id":13755,"date":"2021-11-30T22:26:57","date_gmt":"2021-12-01T00:26:57","guid":{"rendered":"https:\/\/museuflorestal.ambiente.sp.gov.br\/acervo\/?post_type=tnc_col_329_item&#038;p=13755"},"modified":"2021-11-30T22:26:59","modified_gmt":"2021-12-01T00:26:59","slug":"bisel-de-charao","status":"publish","type":"tnc_col_329_item","link":"https:\/\/museuflorestal.ambiente.sp.gov.br\/acervo\/museu-florestal-octavio-vecchi\/bisel-de-charao\/","title":{"rendered":"Bisel de char\u00e3o"},"content":{"rendered":"<p>Tronco de \u00e1rvore com corte em bisel, com casca. Possui talhos nas cascas horizontalmente, com manchas de resina aparente. Na parte de cima h\u00e1 uma etiqueta com a inscri\u00e7\u00e3o impressa &#8220;CH-187&#8221;.<\/p>\n","protected":false},"featured_media":13756,"parent":0,"menu_order":0,"comment_status":"closed","ping_status":"closed","template":"","format":"standard","_links":{"self":[{"href":"https:\/\/museuflorestal.ambiente.sp.gov.br\/acervo\/wp-json\/wp\/v2\/tnc_col_329_item\/13755"}],"collection":[{"href":"https:\/\/museuflorestal.ambiente.sp.gov.br\/acervo\/wp-json\/wp\/v2\/tnc_col_329_item"}],"about":[{"href":"https:\/\/museuflorestal.ambiente.sp.gov.br\/acervo\/wp-json\/wp\/v2\/types\/tnc_col_329_item"}],"replies":[{"embeddable":true,"href":"https:\/\/museuflorestal.ambiente.sp.gov.br\/acervo\/wp-json\/wp\/v2\/comments?post=13755"}],"version-history":[{"count":0,"href":"https:\/\/museuflorestal.ambiente.sp.gov.br\/acervo\/wp-json\/wp\/v2\/tnc_col_329_item\/13755\/revisions"}],"wp:featuredmedia":[{"embeddable":true,"href":"https:\/\/museuflorestal.ambiente.sp.gov.br\/acervo\/wp-json\/wp\/v2\/media\/13756"}],"wp:attachment":[{"href":"https:\/\/museuflorestal.ambiente.sp.gov.br\/acervo\/wp-json\/wp\/v2\/media?parent=13755"}],"curies":[{"name":"wp","href":"https:\/\/api.w.org\/{rel}","templated":true}]}}

Bisel de charão

<p>Tronco de árvore com corte em bisel, com casca. Possui talhos nas cascas horizontalmente, com manchas de resina aparente. Na parte de cima há uma etiqueta com a inscrição impressa &#8220;CH-187&#8221;.</p>
