{"id":13762,"date":"2021-11-30T22:27:07","date_gmt":"2021-12-01T00:27:07","guid":{"rendered":"https:\/\/museuflorestal.ambiente.sp.gov.br\/acervo\/?post_type=tnc_col_329_item&#038;p=13762"},"modified":"2021-11-30T22:27:08","modified_gmt":"2021-12-01T00:27:08","slug":"quadro-de-fases-de-aplicacao-de-charao","status":"publish","type":"tnc_col_329_item","link":"https:\/\/museuflorestal.ambiente.sp.gov.br\/acervo\/museu-florestal-octavio-vecchi\/quadro-de-fases-de-aplicacao-de-charao\/","title":{"rendered":"Quadro de fases de aplica\u00e7\u00e3o de char\u00e3o"},"content":{"rendered":"<p>Quadro em formato retangular de madeira mostrando as vinte seis fases de aplica\u00e7\u00e3o da t\u00e9cnica de char\u00e3o. Cada amostra possui uma etiqueta de identifica\u00e7\u00e3o em japon\u00eas. A \u00faltima fase se alonga mais que as demais e possui detalhes florais dourados. No verso h\u00e1 uma etiqueta verde com a inscri\u00e7\u00e3o \u00e0 caneta preta &#8220;1038&#8221; e outra &#8220;146&#8221;.<\/p>\n","protected":false},"featured_media":13763,"parent":0,"menu_order":0,"comment_status":"closed","ping_status":"closed","template":"","format":"standard","_links":{"self":[{"href":"https:\/\/museuflorestal.ambiente.sp.gov.br\/acervo\/wp-json\/wp\/v2\/tnc_col_329_item\/13762"}],"collection":[{"href":"https:\/\/museuflorestal.ambiente.sp.gov.br\/acervo\/wp-json\/wp\/v2\/tnc_col_329_item"}],"about":[{"href":"https:\/\/museuflorestal.ambiente.sp.gov.br\/acervo\/wp-json\/wp\/v2\/types\/tnc_col_329_item"}],"replies":[{"embeddable":true,"href":"https:\/\/museuflorestal.ambiente.sp.gov.br\/acervo\/wp-json\/wp\/v2\/comments?post=13762"}],"version-history":[{"count":0,"href":"https:\/\/museuflorestal.ambiente.sp.gov.br\/acervo\/wp-json\/wp\/v2\/tnc_col_329_item\/13762\/revisions"}],"wp:featuredmedia":[{"embeddable":true,"href":"https:\/\/museuflorestal.ambiente.sp.gov.br\/acervo\/wp-json\/wp\/v2\/media\/13763"}],"wp:attachment":[{"href":"https:\/\/museuflorestal.ambiente.sp.gov.br\/acervo\/wp-json\/wp\/v2\/media?parent=13762"}],"curies":[{"name":"wp","href":"https:\/\/api.w.org\/{rel}","templated":true}]}}

Quadro de fases de aplicação de charão

<p>Quadro em formato retangular de madeira mostrando as vinte seis fases de aplicação da técnica de charão. Cada amostra possui uma etiqueta de identificação em japonês. A última fase se alonga mais que as demais e possui detalhes florais dourados. No verso há uma etiqueta verde com a inscrição à caneta preta &#8220;1038&#8221; e outra &#8220;146&#8221;.</p>
