{"id":13783,"date":"2021-11-30T22:27:29","date_gmt":"2021-12-01T00:27:29","guid":{"rendered":"https:\/\/museuflorestal.ambiente.sp.gov.br\/acervo\/?post_type=tnc_col_329_item&#038;p=13783"},"modified":"2021-11-30T22:27:32","modified_gmt":"2021-12-01T00:27:32","slug":"concha-com-aplicacao-de-charao","status":"publish","type":"tnc_col_329_item","link":"https:\/\/museuflorestal.ambiente.sp.gov.br\/acervo\/museu-florestal-octavio-vecchi\/concha-com-aplicacao-de-charao\/","title":{"rendered":"Concha com aplica\u00e7\u00e3o de char\u00e3o"},"content":{"rendered":"<p>Concha oval de madeira com aplica\u00e7\u00e3o de char\u00e3o. Possui cabo com ponta curvada para baixo. No interior h\u00e1 um desenho de flores laranjas e folhas esverdeadas. Na parte posterior h\u00e1 uma etiqueta branca com a inscri\u00e7\u00e3o &#8220;CH-91&#8221; impressa.<\/p>\n","protected":false},"featured_media":13785,"parent":0,"menu_order":0,"comment_status":"closed","ping_status":"closed","template":"","format":"standard","_links":{"self":[{"href":"https:\/\/museuflorestal.ambiente.sp.gov.br\/acervo\/wp-json\/wp\/v2\/tnc_col_329_item\/13783"}],"collection":[{"href":"https:\/\/museuflorestal.ambiente.sp.gov.br\/acervo\/wp-json\/wp\/v2\/tnc_col_329_item"}],"about":[{"href":"https:\/\/museuflorestal.ambiente.sp.gov.br\/acervo\/wp-json\/wp\/v2\/types\/tnc_col_329_item"}],"replies":[{"embeddable":true,"href":"https:\/\/museuflorestal.ambiente.sp.gov.br\/acervo\/wp-json\/wp\/v2\/comments?post=13783"}],"version-history":[{"count":0,"href":"https:\/\/museuflorestal.ambiente.sp.gov.br\/acervo\/wp-json\/wp\/v2\/tnc_col_329_item\/13783\/revisions"}],"wp:featuredmedia":[{"embeddable":true,"href":"https:\/\/museuflorestal.ambiente.sp.gov.br\/acervo\/wp-json\/wp\/v2\/media\/13785"}],"wp:attachment":[{"href":"https:\/\/museuflorestal.ambiente.sp.gov.br\/acervo\/wp-json\/wp\/v2\/media?parent=13783"}],"curies":[{"name":"wp","href":"https:\/\/api.w.org\/{rel}","templated":true}]}}

Concha com aplicação de charão

<p>Concha oval de madeira com aplicação de charão. Possui cabo com ponta curvada para baixo. No interior há um desenho de flores laranjas e folhas esverdeadas. Na parte posterior há uma etiqueta branca com a inscrição &#8220;CH-91&#8221; impressa.</p>
