{"id":13843,"date":"2021-11-30T22:28:58","date_gmt":"2021-12-01T00:28:58","guid":{"rendered":"https:\/\/museuflorestal.ambiente.sp.gov.br\/acervo\/?post_type=tnc_col_329_item&#038;p=13843"},"modified":"2021-11-30T22:29:01","modified_gmt":"2021-12-01T00:29:01","slug":"pote-de-madeira-com-tampa-e-aplicacao-de-charao-2","status":"publish","type":"tnc_col_329_item","link":"https:\/\/museuflorestal.ambiente.sp.gov.br\/acervo\/museu-florestal-octavio-vecchi\/pote-de-madeira-com-tampa-e-aplicacao-de-charao-2\/","title":{"rendered":"Pote de madeira com tampa e aplica\u00e7\u00e3o de char\u00e3o"},"content":{"rendered":"<p>Pote e tampa circulares de madeira com aplica\u00e7\u00e3o de char\u00e3o. Pote abaulado com base plana. A tampa possui puxador pontiagudo. Na parte posterior do pote h\u00e1 uma depress\u00e3o circular em vermelho. Possui uma etiqueta com a inscri\u00e7\u00e3o &#8220;CH-106&#8221;, inscri\u00e7\u00e3o \u00e0 caneta prateada &#8220;CH-106&#8221;.<\/p>\n","protected":false},"featured_media":13844,"parent":0,"menu_order":0,"comment_status":"closed","ping_status":"closed","template":"","format":"standard","_links":{"self":[{"href":"https:\/\/museuflorestal.ambiente.sp.gov.br\/acervo\/wp-json\/wp\/v2\/tnc_col_329_item\/13843"}],"collection":[{"href":"https:\/\/museuflorestal.ambiente.sp.gov.br\/acervo\/wp-json\/wp\/v2\/tnc_col_329_item"}],"about":[{"href":"https:\/\/museuflorestal.ambiente.sp.gov.br\/acervo\/wp-json\/wp\/v2\/types\/tnc_col_329_item"}],"replies":[{"embeddable":true,"href":"https:\/\/museuflorestal.ambiente.sp.gov.br\/acervo\/wp-json\/wp\/v2\/comments?post=13843"}],"version-history":[{"count":0,"href":"https:\/\/museuflorestal.ambiente.sp.gov.br\/acervo\/wp-json\/wp\/v2\/tnc_col_329_item\/13843\/revisions"}],"wp:featuredmedia":[{"embeddable":true,"href":"https:\/\/museuflorestal.ambiente.sp.gov.br\/acervo\/wp-json\/wp\/v2\/media\/13844"}],"wp:attachment":[{"href":"https:\/\/museuflorestal.ambiente.sp.gov.br\/acervo\/wp-json\/wp\/v2\/media?parent=13843"}],"curies":[{"name":"wp","href":"https:\/\/api.w.org\/{rel}","templated":true}]}}

Pote de madeira com tampa e aplicação de charão

<p>Pote e tampa circulares de madeira com aplicação de charão. Pote abaulado com base plana. A tampa possui puxador pontiagudo. Na parte posterior do pote há uma depressão circular em vermelho. Possui uma etiqueta com a inscrição &#8220;CH-106&#8221;, inscrição à caneta prateada &#8220;CH-106&#8221;.</p>
