{"id":14084,"date":"2021-11-30T22:32:49","date_gmt":"2021-12-01T00:32:49","guid":{"rendered":"https:\/\/museuflorestal.ambiente.sp.gov.br\/acervo\/?post_type=tnc_col_329_item&#038;p=14084"},"modified":"2021-11-30T22:32:50","modified_gmt":"2021-12-01T00:32:50","slug":"xicara-de-madeira-com-aplicacao-de-charao-2","status":"publish","type":"tnc_col_329_item","link":"https:\/\/museuflorestal.ambiente.sp.gov.br\/acervo\/museu-florestal-octavio-vecchi\/xicara-de-madeira-com-aplicacao-de-charao-2\/","title":{"rendered":"X\u00edcara de madeira com aplica\u00e7\u00e3o de char\u00e3o"},"content":{"rendered":"<p>X\u00edcara de madeira com aplica\u00e7\u00e3o de char\u00e3o. Possui corpo circular com afunilamento na base. Al\u00e7a com marcas de cola.<\/p>\n","protected":false},"featured_media":14085,"parent":0,"menu_order":0,"comment_status":"closed","ping_status":"closed","template":"","format":"standard","_links":{"self":[{"href":"https:\/\/museuflorestal.ambiente.sp.gov.br\/acervo\/wp-json\/wp\/v2\/tnc_col_329_item\/14084"}],"collection":[{"href":"https:\/\/museuflorestal.ambiente.sp.gov.br\/acervo\/wp-json\/wp\/v2\/tnc_col_329_item"}],"about":[{"href":"https:\/\/museuflorestal.ambiente.sp.gov.br\/acervo\/wp-json\/wp\/v2\/types\/tnc_col_329_item"}],"replies":[{"embeddable":true,"href":"https:\/\/museuflorestal.ambiente.sp.gov.br\/acervo\/wp-json\/wp\/v2\/comments?post=14084"}],"version-history":[{"count":0,"href":"https:\/\/museuflorestal.ambiente.sp.gov.br\/acervo\/wp-json\/wp\/v2\/tnc_col_329_item\/14084\/revisions"}],"wp:featuredmedia":[{"embeddable":true,"href":"https:\/\/museuflorestal.ambiente.sp.gov.br\/acervo\/wp-json\/wp\/v2\/media\/14085"}],"wp:attachment":[{"href":"https:\/\/museuflorestal.ambiente.sp.gov.br\/acervo\/wp-json\/wp\/v2\/media?parent=14084"}],"curies":[{"name":"wp","href":"https:\/\/api.w.org\/{rel}","templated":true}]}}

Xícara de madeira com aplicação de charão

<p>Xícara de madeira com aplicação de charão. Possui corpo circular com afunilamento na base. Alça com marcas de cola.</p>
