{"id":14091,"date":"2021-11-30T22:32:51","date_gmt":"2021-12-01T00:32:51","guid":{"rendered":"https:\/\/museuflorestal.ambiente.sp.gov.br\/acervo\/?post_type=tnc_col_329_item&#038;p=14091"},"modified":"2021-11-30T22:32:52","modified_gmt":"2021-12-01T00:32:52","slug":"xicara-de-madeira-com-aplicacao-de-charao-3","status":"publish","type":"tnc_col_329_item","link":"https:\/\/museuflorestal.ambiente.sp.gov.br\/acervo\/museu-florestal-octavio-vecchi\/xicara-de-madeira-com-aplicacao-de-charao-3\/","title":{"rendered":"X\u00edcara de madeira com aplica\u00e7\u00e3o de char\u00e3o"},"content":{"rendered":"<p>X\u00edcara de madeira com aplica\u00e7\u00e3o de char\u00e3o. Possui corpo circular com afunilamento na base. Possui etiqueta no copo com a inscri\u00e7\u00e3o &#8220;Amalia Fontes&#8221;.<\/p>\n","protected":false},"featured_media":14093,"parent":0,"menu_order":0,"comment_status":"closed","ping_status":"closed","template":"","format":"standard","_links":{"self":[{"href":"https:\/\/museuflorestal.ambiente.sp.gov.br\/acervo\/wp-json\/wp\/v2\/tnc_col_329_item\/14091"}],"collection":[{"href":"https:\/\/museuflorestal.ambiente.sp.gov.br\/acervo\/wp-json\/wp\/v2\/tnc_col_329_item"}],"about":[{"href":"https:\/\/museuflorestal.ambiente.sp.gov.br\/acervo\/wp-json\/wp\/v2\/types\/tnc_col_329_item"}],"replies":[{"embeddable":true,"href":"https:\/\/museuflorestal.ambiente.sp.gov.br\/acervo\/wp-json\/wp\/v2\/comments?post=14091"}],"version-history":[{"count":0,"href":"https:\/\/museuflorestal.ambiente.sp.gov.br\/acervo\/wp-json\/wp\/v2\/tnc_col_329_item\/14091\/revisions"}],"wp:featuredmedia":[{"embeddable":true,"href":"https:\/\/museuflorestal.ambiente.sp.gov.br\/acervo\/wp-json\/wp\/v2\/media\/14093"}],"wp:attachment":[{"href":"https:\/\/museuflorestal.ambiente.sp.gov.br\/acervo\/wp-json\/wp\/v2\/media?parent=14091"}],"curies":[{"name":"wp","href":"https:\/\/api.w.org\/{rel}","templated":true}]}}

Xícara de madeira com aplicação de charão

<p>Xícara de madeira com aplicação de charão. Possui corpo circular com afunilamento na base. Possui etiqueta no copo com a inscrição &#8220;Amalia Fontes&#8221;.</p>
