{"id":14129,"date":"2021-11-30T22:33:00","date_gmt":"2021-12-01T00:33:00","guid":{"rendered":"https:\/\/museuflorestal.ambiente.sp.gov.br\/acervo\/?post_type=tnc_col_329_item&#038;p=14129"},"modified":"2021-11-30T22:33:01","modified_gmt":"2021-12-01T00:33:01","slug":"cumbuca-com-aplicacao-de-charao","status":"publish","type":"tnc_col_329_item","link":"https:\/\/museuflorestal.ambiente.sp.gov.br\/acervo\/museu-florestal-octavio-vecchi\/cumbuca-com-aplicacao-de-charao\/","title":{"rendered":"Cumbuca com aplica\u00e7\u00e3o de char\u00e3o"},"content":{"rendered":"<p>Recipiente circular de madeira com aplica\u00e7\u00e3o de char\u00e3o. Possui base redonda com afunilamento. No verso, h\u00e1 um esparadrapo sem inscri\u00e7\u00e3o.<\/p>\n","protected":false},"featured_media":14130,"parent":0,"menu_order":0,"comment_status":"closed","ping_status":"closed","template":"","format":"standard","_links":{"self":[{"href":"https:\/\/museuflorestal.ambiente.sp.gov.br\/acervo\/wp-json\/wp\/v2\/tnc_col_329_item\/14129"}],"collection":[{"href":"https:\/\/museuflorestal.ambiente.sp.gov.br\/acervo\/wp-json\/wp\/v2\/tnc_col_329_item"}],"about":[{"href":"https:\/\/museuflorestal.ambiente.sp.gov.br\/acervo\/wp-json\/wp\/v2\/types\/tnc_col_329_item"}],"replies":[{"embeddable":true,"href":"https:\/\/museuflorestal.ambiente.sp.gov.br\/acervo\/wp-json\/wp\/v2\/comments?post=14129"}],"version-history":[{"count":0,"href":"https:\/\/museuflorestal.ambiente.sp.gov.br\/acervo\/wp-json\/wp\/v2\/tnc_col_329_item\/14129\/revisions"}],"wp:featuredmedia":[{"embeddable":true,"href":"https:\/\/museuflorestal.ambiente.sp.gov.br\/acervo\/wp-json\/wp\/v2\/media\/14130"}],"wp:attachment":[{"href":"https:\/\/museuflorestal.ambiente.sp.gov.br\/acervo\/wp-json\/wp\/v2\/media?parent=14129"}],"curies":[{"name":"wp","href":"https:\/\/api.w.org\/{rel}","templated":true}]}}

Cumbuca com aplicação de charão

<p>Recipiente circular de madeira com aplicação de charão. Possui base redonda com afunilamento. No verso, há um esparadrapo sem inscrição.</p>
