{"id":14136,"date":"2021-11-30T22:33:02","date_gmt":"2021-12-01T00:33:02","guid":{"rendered":"https:\/\/museuflorestal.ambiente.sp.gov.br\/acervo\/?post_type=tnc_col_329_item&#038;p=14136"},"modified":"2021-11-30T22:33:02","modified_gmt":"2021-12-01T00:33:02","slug":"pote-de-madeira-com-tampa-e-aplicacao-de-charao-3","status":"publish","type":"tnc_col_329_item","link":"https:\/\/museuflorestal.ambiente.sp.gov.br\/acervo\/museu-florestal-octavio-vecchi\/pote-de-madeira-com-tampa-e-aplicacao-de-charao-3\/","title":{"rendered":"Pote de madeira com tampa e aplica\u00e7\u00e3o de char\u00e3o"},"content":{"rendered":"<p>Pote e tampa circulares de madeira com aplica\u00e7\u00e3o de char\u00e3o. O pote possui corpo abaulado e com acabamento em formato de anel em ambas as extremidades. Tampa remov\u00edvel com pegador em formato de ampulheta e ponta c\u00f4nica.<\/p>\n","protected":false},"featured_media":14137,"parent":0,"menu_order":0,"comment_status":"closed","ping_status":"closed","template":"","format":"standard","_links":{"self":[{"href":"https:\/\/museuflorestal.ambiente.sp.gov.br\/acervo\/wp-json\/wp\/v2\/tnc_col_329_item\/14136"}],"collection":[{"href":"https:\/\/museuflorestal.ambiente.sp.gov.br\/acervo\/wp-json\/wp\/v2\/tnc_col_329_item"}],"about":[{"href":"https:\/\/museuflorestal.ambiente.sp.gov.br\/acervo\/wp-json\/wp\/v2\/types\/tnc_col_329_item"}],"replies":[{"embeddable":true,"href":"https:\/\/museuflorestal.ambiente.sp.gov.br\/acervo\/wp-json\/wp\/v2\/comments?post=14136"}],"version-history":[{"count":0,"href":"https:\/\/museuflorestal.ambiente.sp.gov.br\/acervo\/wp-json\/wp\/v2\/tnc_col_329_item\/14136\/revisions"}],"wp:featuredmedia":[{"embeddable":true,"href":"https:\/\/museuflorestal.ambiente.sp.gov.br\/acervo\/wp-json\/wp\/v2\/media\/14137"}],"wp:attachment":[{"href":"https:\/\/museuflorestal.ambiente.sp.gov.br\/acervo\/wp-json\/wp\/v2\/media?parent=14136"}],"curies":[{"name":"wp","href":"https:\/\/api.w.org\/{rel}","templated":true}]}}

Pote de madeira com tampa e aplicação de charão

<p>Pote e tampa circulares de madeira com aplicação de charão. O pote possui corpo abaulado e com acabamento em formato de anel em ambas as extremidades. Tampa removível com pegador em formato de ampulheta e ponta cônica.</p>
