{"id":14143,"date":"2021-11-30T22:33:03","date_gmt":"2021-12-01T00:33:03","guid":{"rendered":"https:\/\/museuflorestal.ambiente.sp.gov.br\/acervo\/?post_type=tnc_col_329_item&#038;p=14143"},"modified":"2021-11-30T22:33:04","modified_gmt":"2021-12-01T00:33:04","slug":"placa-de-madeira-com-base-para-charao","status":"publish","type":"tnc_col_329_item","link":"https:\/\/museuflorestal.ambiente.sp.gov.br\/acervo\/museu-florestal-octavio-vecchi\/placa-de-madeira-com-base-para-charao\/","title":{"rendered":"Placa de madeira com base para char\u00e3o"},"content":{"rendered":"<p>Placa de madeira com tela de algod\u00e3o, com base de prepara\u00e7\u00e3o de char\u00e3o. Possui fita adesiva em uma das faces com a inscri\u00e7\u00e3o &#8220;Dona Terrezina&#8221; escrito a l\u00e1pis.<\/p>\n","protected":false},"featured_media":14145,"parent":0,"menu_order":0,"comment_status":"closed","ping_status":"closed","template":"","format":"standard","_links":{"self":[{"href":"https:\/\/museuflorestal.ambiente.sp.gov.br\/acervo\/wp-json\/wp\/v2\/tnc_col_329_item\/14143"}],"collection":[{"href":"https:\/\/museuflorestal.ambiente.sp.gov.br\/acervo\/wp-json\/wp\/v2\/tnc_col_329_item"}],"about":[{"href":"https:\/\/museuflorestal.ambiente.sp.gov.br\/acervo\/wp-json\/wp\/v2\/types\/tnc_col_329_item"}],"replies":[{"embeddable":true,"href":"https:\/\/museuflorestal.ambiente.sp.gov.br\/acervo\/wp-json\/wp\/v2\/comments?post=14143"}],"version-history":[{"count":0,"href":"https:\/\/museuflorestal.ambiente.sp.gov.br\/acervo\/wp-json\/wp\/v2\/tnc_col_329_item\/14143\/revisions"}],"wp:featuredmedia":[{"embeddable":true,"href":"https:\/\/museuflorestal.ambiente.sp.gov.br\/acervo\/wp-json\/wp\/v2\/media\/14145"}],"wp:attachment":[{"href":"https:\/\/museuflorestal.ambiente.sp.gov.br\/acervo\/wp-json\/wp\/v2\/media?parent=14143"}],"curies":[{"name":"wp","href":"https:\/\/api.w.org\/{rel}","templated":true}]}}

Placa de madeira com base para charão

<p>Placa de madeira com tela de algodão, com base de preparação de charão. Possui fita adesiva em uma das faces com a inscrição &#8220;Dona Terrezina&#8221; escrito a lápis.</p>
