{"id":14147,"date":"2021-11-30T22:33:05","date_gmt":"2021-12-01T00:33:05","guid":{"rendered":"https:\/\/museuflorestal.ambiente.sp.gov.br\/acervo\/?post_type=tnc_col_329_item&#038;p=14147"},"modified":"2021-11-30T22:33:05","modified_gmt":"2021-12-01T00:33:05","slug":"placa-de-madeira-com-base-para-charao-2","status":"publish","type":"tnc_col_329_item","link":"https:\/\/museuflorestal.ambiente.sp.gov.br\/acervo\/museu-florestal-octavio-vecchi\/placa-de-madeira-com-base-para-charao-2\/","title":{"rendered":"Placa de madeira com base para char\u00e3o"},"content":{"rendered":"<p>Placa de madeira com tela de algod\u00e3o, com base de prepara\u00e7\u00e3o de char\u00e3o. Possui fita adesiva em uma das faces com a inscri\u00e7\u00e3o &#8220;Amalia 2\u00aa feira tarde&#8221; escrito \u00e0 caneta.<\/p>\n","protected":false},"featured_media":14148,"parent":0,"menu_order":0,"comment_status":"closed","ping_status":"closed","template":"","format":"standard","_links":{"self":[{"href":"https:\/\/museuflorestal.ambiente.sp.gov.br\/acervo\/wp-json\/wp\/v2\/tnc_col_329_item\/14147"}],"collection":[{"href":"https:\/\/museuflorestal.ambiente.sp.gov.br\/acervo\/wp-json\/wp\/v2\/tnc_col_329_item"}],"about":[{"href":"https:\/\/museuflorestal.ambiente.sp.gov.br\/acervo\/wp-json\/wp\/v2\/types\/tnc_col_329_item"}],"replies":[{"embeddable":true,"href":"https:\/\/museuflorestal.ambiente.sp.gov.br\/acervo\/wp-json\/wp\/v2\/comments?post=14147"}],"version-history":[{"count":0,"href":"https:\/\/museuflorestal.ambiente.sp.gov.br\/acervo\/wp-json\/wp\/v2\/tnc_col_329_item\/14147\/revisions"}],"wp:featuredmedia":[{"embeddable":true,"href":"https:\/\/museuflorestal.ambiente.sp.gov.br\/acervo\/wp-json\/wp\/v2\/media\/14148"}],"wp:attachment":[{"href":"https:\/\/museuflorestal.ambiente.sp.gov.br\/acervo\/wp-json\/wp\/v2\/media?parent=14147"}],"curies":[{"name":"wp","href":"https:\/\/api.w.org\/{rel}","templated":true}]}}

Placa de madeira com base para charão

<p>Placa de madeira com tela de algodão, com base de preparação de charão. Possui fita adesiva em uma das faces com a inscrição &#8220;Amalia 2ª feira tarde&#8221; escrito à caneta.</p>
