{"id":14157,"date":"2021-11-30T22:33:09","date_gmt":"2021-12-01T00:33:09","guid":{"rendered":"https:\/\/museuflorestal.ambiente.sp.gov.br\/acervo\/?post_type=tnc_col_329_item&#038;p=14157"},"modified":"2021-11-30T22:33:10","modified_gmt":"2021-12-01T00:33:10","slug":"placa-de-madeira-com-aplicacao-de-charao-9","status":"publish","type":"tnc_col_329_item","link":"https:\/\/museuflorestal.ambiente.sp.gov.br\/acervo\/museu-florestal-octavio-vecchi\/placa-de-madeira-com-aplicacao-de-charao-9\/","title":{"rendered":"Placa de madeira com aplica\u00e7\u00e3o de char\u00e3o"},"content":{"rendered":"<p>Placa de madeira retangular com aplica\u00e7\u00e3o de char\u00e3o em toda sua extens\u00e3o. Possui tecido de algod\u00e3o no verso, e etiqueta com a inscri\u00e7\u00e3o &#8220;3 feira (?)&#8221; e duas palavras ileg\u00edveis.<\/p>\n","protected":false},"featured_media":14158,"parent":0,"menu_order":0,"comment_status":"closed","ping_status":"closed","template":"","format":"standard","_links":{"self":[{"href":"https:\/\/museuflorestal.ambiente.sp.gov.br\/acervo\/wp-json\/wp\/v2\/tnc_col_329_item\/14157"}],"collection":[{"href":"https:\/\/museuflorestal.ambiente.sp.gov.br\/acervo\/wp-json\/wp\/v2\/tnc_col_329_item"}],"about":[{"href":"https:\/\/museuflorestal.ambiente.sp.gov.br\/acervo\/wp-json\/wp\/v2\/types\/tnc_col_329_item"}],"replies":[{"embeddable":true,"href":"https:\/\/museuflorestal.ambiente.sp.gov.br\/acervo\/wp-json\/wp\/v2\/comments?post=14157"}],"version-history":[{"count":0,"href":"https:\/\/museuflorestal.ambiente.sp.gov.br\/acervo\/wp-json\/wp\/v2\/tnc_col_329_item\/14157\/revisions"}],"wp:featuredmedia":[{"embeddable":true,"href":"https:\/\/museuflorestal.ambiente.sp.gov.br\/acervo\/wp-json\/wp\/v2\/media\/14158"}],"wp:attachment":[{"href":"https:\/\/museuflorestal.ambiente.sp.gov.br\/acervo\/wp-json\/wp\/v2\/media?parent=14157"}],"curies":[{"name":"wp","href":"https:\/\/api.w.org\/{rel}","templated":true}]}}

Placa de madeira com aplicação de charão

<p>Placa de madeira retangular com aplicação de charão em toda sua extensão. Possui tecido de algodão no verso, e etiqueta com a inscrição &#8220;3 feira (?)&#8221; e duas palavras ilegíveis.</p>
