{"id":14168,"date":"2021-11-30T22:33:12","date_gmt":"2021-12-01T00:33:12","guid":{"rendered":"https:\/\/museuflorestal.ambiente.sp.gov.br\/acervo\/?post_type=tnc_col_329_item&#038;p=14168"},"modified":"2021-11-30T22:33:13","modified_gmt":"2021-12-01T00:33:13","slug":"tampa-com-aplicacao-de-charao-numero-13","status":"publish","type":"tnc_col_329_item","link":"https:\/\/museuflorestal.ambiente.sp.gov.br\/acervo\/museu-florestal-octavio-vecchi\/tampa-com-aplicacao-de-charao-numero-13\/","title":{"rendered":"Tampa com aplica\u00e7\u00e3o de char\u00e3o, n\u00famero 13"},"content":{"rendered":"<p>Tampa retangular de madeira com aplica\u00e7\u00e3o de char\u00e3o em toda sua extens\u00e3o. No interior possui marcas de dobradi\u00e7a, etiqueta verde sem inscri\u00e7\u00e3o e &#8220;13&#8221; entalhado na madeira.<\/p>\n","protected":false},"featured_media":14169,"parent":0,"menu_order":0,"comment_status":"closed","ping_status":"closed","template":"","format":"standard","_links":{"self":[{"href":"https:\/\/museuflorestal.ambiente.sp.gov.br\/acervo\/wp-json\/wp\/v2\/tnc_col_329_item\/14168"}],"collection":[{"href":"https:\/\/museuflorestal.ambiente.sp.gov.br\/acervo\/wp-json\/wp\/v2\/tnc_col_329_item"}],"about":[{"href":"https:\/\/museuflorestal.ambiente.sp.gov.br\/acervo\/wp-json\/wp\/v2\/types\/tnc_col_329_item"}],"replies":[{"embeddable":true,"href":"https:\/\/museuflorestal.ambiente.sp.gov.br\/acervo\/wp-json\/wp\/v2\/comments?post=14168"}],"version-history":[{"count":0,"href":"https:\/\/museuflorestal.ambiente.sp.gov.br\/acervo\/wp-json\/wp\/v2\/tnc_col_329_item\/14168\/revisions"}],"wp:featuredmedia":[{"embeddable":true,"href":"https:\/\/museuflorestal.ambiente.sp.gov.br\/acervo\/wp-json\/wp\/v2\/media\/14169"}],"wp:attachment":[{"href":"https:\/\/museuflorestal.ambiente.sp.gov.br\/acervo\/wp-json\/wp\/v2\/media?parent=14168"}],"curies":[{"name":"wp","href":"https:\/\/api.w.org\/{rel}","templated":true}]}}

Tampa com aplicação de charão, número 13

<p>Tampa retangular de madeira com aplicação de charão em toda sua extensão. No interior possui marcas de dobradiça, etiqueta verde sem inscrição e &#8220;13&#8221; entalhado na madeira.</p>
