{"id":14175,"date":"2021-11-30T22:33:13","date_gmt":"2021-12-01T00:33:13","guid":{"rendered":"https:\/\/museuflorestal.ambiente.sp.gov.br\/acervo\/?post_type=tnc_col_329_item&#038;p=14175"},"modified":"2021-11-30T22:33:14","modified_gmt":"2021-12-01T00:33:14","slug":"tampa-com-aplicacao-de-charao-numero-63","status":"publish","type":"tnc_col_329_item","link":"https:\/\/museuflorestal.ambiente.sp.gov.br\/acervo\/museu-florestal-octavio-vecchi\/tampa-com-aplicacao-de-charao-numero-63\/","title":{"rendered":"Tampa com aplica\u00e7\u00e3o de char\u00e3o, n\u00famero 63"},"content":{"rendered":"<p>Tampa retangular de madeira com aplica\u00e7\u00e3o de char\u00e3o em toda sua extens\u00e3o. Possui a parte superior abaulada. No interior, h\u00e1 uma etiqueta sem inscri\u00e7\u00e3o e &#8220;63&#8221; entalhado na madeira.<\/p>\n","protected":false},"featured_media":14176,"parent":0,"menu_order":0,"comment_status":"closed","ping_status":"closed","template":"","format":"standard","_links":{"self":[{"href":"https:\/\/museuflorestal.ambiente.sp.gov.br\/acervo\/wp-json\/wp\/v2\/tnc_col_329_item\/14175"}],"collection":[{"href":"https:\/\/museuflorestal.ambiente.sp.gov.br\/acervo\/wp-json\/wp\/v2\/tnc_col_329_item"}],"about":[{"href":"https:\/\/museuflorestal.ambiente.sp.gov.br\/acervo\/wp-json\/wp\/v2\/types\/tnc_col_329_item"}],"replies":[{"embeddable":true,"href":"https:\/\/museuflorestal.ambiente.sp.gov.br\/acervo\/wp-json\/wp\/v2\/comments?post=14175"}],"version-history":[{"count":0,"href":"https:\/\/museuflorestal.ambiente.sp.gov.br\/acervo\/wp-json\/wp\/v2\/tnc_col_329_item\/14175\/revisions"}],"wp:featuredmedia":[{"embeddable":true,"href":"https:\/\/museuflorestal.ambiente.sp.gov.br\/acervo\/wp-json\/wp\/v2\/media\/14176"}],"wp:attachment":[{"href":"https:\/\/museuflorestal.ambiente.sp.gov.br\/acervo\/wp-json\/wp\/v2\/media?parent=14175"}],"curies":[{"name":"wp","href":"https:\/\/api.w.org\/{rel}","templated":true}]}}

Tampa com aplicação de charão, número 63

<p>Tampa retangular de madeira com aplicação de charão em toda sua extensão. Possui a parte superior abaulada. No interior, há uma etiqueta sem inscrição e &#8220;63&#8221; entalhado na madeira.</p>
