{"id":14255,"date":"2021-11-30T22:33:38","date_gmt":"2021-12-01T00:33:38","guid":{"rendered":"https:\/\/museuflorestal.ambiente.sp.gov.br\/acervo\/?post_type=tnc_col_329_item&#038;p=14255"},"modified":"2021-11-30T22:33:39","modified_gmt":"2021-12-01T00:33:39","slug":"caixa-com-tampa-3","status":"publish","type":"tnc_col_329_item","link":"https:\/\/museuflorestal.ambiente.sp.gov.br\/acervo\/museu-florestal-octavio-vecchi\/caixa-com-tampa-3\/","title":{"rendered":"Caixa com tampa"},"content":{"rendered":"<p>Caixa e tampa retangulares de madeira. No interior e laterais externas da caixa, base de prepara\u00e7\u00e3o para char\u00e3o. Na base h\u00e1 uma etiqueta com a inscri\u00e7\u00e3o &#8220;Dona Terezinha&#8221;. No interior da tampa tamb\u00e9m com base de prepara\u00e7\u00e3o, e fita adesiva com a inscri\u00e7\u00e3o &#8220;Dona Terezinha&#8221; a l\u00e1pis.<\/p>\n","protected":false},"featured_media":14256,"parent":0,"menu_order":0,"comment_status":"closed","ping_status":"closed","template":"","format":"standard","_links":{"self":[{"href":"https:\/\/museuflorestal.ambiente.sp.gov.br\/acervo\/wp-json\/wp\/v2\/tnc_col_329_item\/14255"}],"collection":[{"href":"https:\/\/museuflorestal.ambiente.sp.gov.br\/acervo\/wp-json\/wp\/v2\/tnc_col_329_item"}],"about":[{"href":"https:\/\/museuflorestal.ambiente.sp.gov.br\/acervo\/wp-json\/wp\/v2\/types\/tnc_col_329_item"}],"replies":[{"embeddable":true,"href":"https:\/\/museuflorestal.ambiente.sp.gov.br\/acervo\/wp-json\/wp\/v2\/comments?post=14255"}],"version-history":[{"count":0,"href":"https:\/\/museuflorestal.ambiente.sp.gov.br\/acervo\/wp-json\/wp\/v2\/tnc_col_329_item\/14255\/revisions"}],"wp:featuredmedia":[{"embeddable":true,"href":"https:\/\/museuflorestal.ambiente.sp.gov.br\/acervo\/wp-json\/wp\/v2\/media\/14256"}],"wp:attachment":[{"href":"https:\/\/museuflorestal.ambiente.sp.gov.br\/acervo\/wp-json\/wp\/v2\/media?parent=14255"}],"curies":[{"name":"wp","href":"https:\/\/api.w.org\/{rel}","templated":true}]}}

<p>Caixa e tampa retangulares de madeira. No interior e laterais externas da caixa, base de preparação para charão. Na base há uma etiqueta com a inscrição &#8220;Dona Terezinha&#8221;. No interior da tampa também com base de preparação, e fita adesiva com a inscrição &#8220;Dona Terezinha&#8221; a lápis.</p>
