{"id":14265,"date":"2021-11-30T22:33:50","date_gmt":"2021-12-01T00:33:50","guid":{"rendered":"https:\/\/museuflorestal.ambiente.sp.gov.br\/acervo\/?post_type=tnc_col_329_item&#038;p=14265"},"modified":"2021-11-30T22:33:53","modified_gmt":"2021-12-01T00:33:53","slug":"caixa-com-tampa-de-madeira","status":"publish","type":"tnc_col_329_item","link":"https:\/\/museuflorestal.ambiente.sp.gov.br\/acervo\/museu-florestal-octavio-vecchi\/caixa-com-tampa-de-madeira\/","title":{"rendered":"Caixa com tampa de madeira"},"content":{"rendered":"<p>Caixa e tampa retangulares de madeira. No interior da caixa, h\u00e1 dois acabamentos para encaixe de dobradi\u00e7a. Na lateral oposta h\u00e1 uma fechadura de metal, e na parte externa, h\u00e1 espa\u00e7o para encaixar a chave. A tampa \u00e9 remov\u00edvel e possui acabamentos para encaixe de dobradi\u00e7a. Na parte posterior da caixa h\u00e1 uma inscri\u00e7\u00e3o &#8220;Leandro&#8221; \u00e0 caneta preta.<\/p>\n","protected":false},"featured_media":14267,"parent":0,"menu_order":0,"comment_status":"closed","ping_status":"closed","template":"","format":"standard","_links":{"self":[{"href":"https:\/\/museuflorestal.ambiente.sp.gov.br\/acervo\/wp-json\/wp\/v2\/tnc_col_329_item\/14265"}],"collection":[{"href":"https:\/\/museuflorestal.ambiente.sp.gov.br\/acervo\/wp-json\/wp\/v2\/tnc_col_329_item"}],"about":[{"href":"https:\/\/museuflorestal.ambiente.sp.gov.br\/acervo\/wp-json\/wp\/v2\/types\/tnc_col_329_item"}],"replies":[{"embeddable":true,"href":"https:\/\/museuflorestal.ambiente.sp.gov.br\/acervo\/wp-json\/wp\/v2\/comments?post=14265"}],"version-history":[{"count":0,"href":"https:\/\/museuflorestal.ambiente.sp.gov.br\/acervo\/wp-json\/wp\/v2\/tnc_col_329_item\/14265\/revisions"}],"wp:featuredmedia":[{"embeddable":true,"href":"https:\/\/museuflorestal.ambiente.sp.gov.br\/acervo\/wp-json\/wp\/v2\/media\/14267"}],"wp:attachment":[{"href":"https:\/\/museuflorestal.ambiente.sp.gov.br\/acervo\/wp-json\/wp\/v2\/media?parent=14265"}],"curies":[{"name":"wp","href":"https:\/\/api.w.org\/{rel}","templated":true}]}}

<p>Caixa e tampa retangulares de madeira. No interior da caixa, há dois acabamentos para encaixe de dobradiça. Na lateral oposta há uma fechadura de metal, e na parte externa, há espaço para encaixar a chave. A tampa é removível e possui acabamentos para encaixe de dobradiça. Na parte posterior da caixa há uma inscrição &#8220;Leandro&#8221; à caneta preta.</p>
