{"id":14283,"date":"2021-11-30T22:34:10","date_gmt":"2021-12-01T00:34:10","guid":{"rendered":"https:\/\/museuflorestal.ambiente.sp.gov.br\/acervo\/?post_type=tnc_col_329_item&#038;p=14283"},"modified":"2021-11-30T22:34:13","modified_gmt":"2021-12-01T00:34:13","slug":"pires-de-madeira-com-aplicacao-de-charao-17","status":"publish","type":"tnc_col_329_item","link":"https:\/\/museuflorestal.ambiente.sp.gov.br\/acervo\/museu-florestal-octavio-vecchi\/pires-de-madeira-com-aplicacao-de-charao-17\/","title":{"rendered":"Pires de madeira com aplica\u00e7\u00e3o de char\u00e3o"},"content":{"rendered":"<p>Pires de madeira com aplica\u00e7\u00e3o de char\u00e3o. Na parte superior h\u00e1 uma depress\u00e3o circular no centro. Na parte posterior h\u00e1 uma base redonda com acabamento em formato de anel, e uma fita adesiva com a inscri\u00e7\u00e3o &#8220;Jandirah&#8221; \u00e0 caneta.<\/p>\n","protected":false},"featured_media":14285,"parent":0,"menu_order":0,"comment_status":"closed","ping_status":"closed","template":"","format":"standard","_links":{"self":[{"href":"https:\/\/museuflorestal.ambiente.sp.gov.br\/acervo\/wp-json\/wp\/v2\/tnc_col_329_item\/14283"}],"collection":[{"href":"https:\/\/museuflorestal.ambiente.sp.gov.br\/acervo\/wp-json\/wp\/v2\/tnc_col_329_item"}],"about":[{"href":"https:\/\/museuflorestal.ambiente.sp.gov.br\/acervo\/wp-json\/wp\/v2\/types\/tnc_col_329_item"}],"replies":[{"embeddable":true,"href":"https:\/\/museuflorestal.ambiente.sp.gov.br\/acervo\/wp-json\/wp\/v2\/comments?post=14283"}],"version-history":[{"count":0,"href":"https:\/\/museuflorestal.ambiente.sp.gov.br\/acervo\/wp-json\/wp\/v2\/tnc_col_329_item\/14283\/revisions"}],"wp:featuredmedia":[{"embeddable":true,"href":"https:\/\/museuflorestal.ambiente.sp.gov.br\/acervo\/wp-json\/wp\/v2\/media\/14285"}],"wp:attachment":[{"href":"https:\/\/museuflorestal.ambiente.sp.gov.br\/acervo\/wp-json\/wp\/v2\/media?parent=14283"}],"curies":[{"name":"wp","href":"https:\/\/api.w.org\/{rel}","templated":true}]}}

Pires de madeira com aplicação de charão

<p>Pires de madeira com aplicação de charão. Na parte superior há uma depressão circular no centro. Na parte posterior há uma base redonda com acabamento em formato de anel, e uma fita adesiva com a inscrição &#8220;Jandirah&#8221; à caneta.</p>
