{"id":14288,"date":"2021-11-30T22:34:16","date_gmt":"2021-12-01T00:34:16","guid":{"rendered":"https:\/\/museuflorestal.ambiente.sp.gov.br\/acervo\/?post_type=tnc_col_329_item&#038;p=14288"},"modified":"2021-11-30T22:34:18","modified_gmt":"2021-12-01T00:34:18","slug":"pires-de-madeira-com-aplicacao-de-charao-18","status":"publish","type":"tnc_col_329_item","link":"https:\/\/museuflorestal.ambiente.sp.gov.br\/acervo\/museu-florestal-octavio-vecchi\/pires-de-madeira-com-aplicacao-de-charao-18\/","title":{"rendered":"Pires de madeira com aplica\u00e7\u00e3o de char\u00e3o"},"content":{"rendered":"<p>Pires de madeira com aplica\u00e7\u00e3o de char\u00e3o na parte superior. Na parte posterior h\u00e1 uma base com acabamento em formato de anel, com a borda grossa, e no centro h\u00e1 aplica\u00e7\u00e3o de char\u00e3o em cor mais escura, e em volta madeira crua.<\/p>\n","protected":false},"featured_media":14289,"parent":0,"menu_order":0,"comment_status":"closed","ping_status":"closed","template":"","format":"standard","_links":{"self":[{"href":"https:\/\/museuflorestal.ambiente.sp.gov.br\/acervo\/wp-json\/wp\/v2\/tnc_col_329_item\/14288"}],"collection":[{"href":"https:\/\/museuflorestal.ambiente.sp.gov.br\/acervo\/wp-json\/wp\/v2\/tnc_col_329_item"}],"about":[{"href":"https:\/\/museuflorestal.ambiente.sp.gov.br\/acervo\/wp-json\/wp\/v2\/types\/tnc_col_329_item"}],"replies":[{"embeddable":true,"href":"https:\/\/museuflorestal.ambiente.sp.gov.br\/acervo\/wp-json\/wp\/v2\/comments?post=14288"}],"version-history":[{"count":0,"href":"https:\/\/museuflorestal.ambiente.sp.gov.br\/acervo\/wp-json\/wp\/v2\/tnc_col_329_item\/14288\/revisions"}],"wp:featuredmedia":[{"embeddable":true,"href":"https:\/\/museuflorestal.ambiente.sp.gov.br\/acervo\/wp-json\/wp\/v2\/media\/14289"}],"wp:attachment":[{"href":"https:\/\/museuflorestal.ambiente.sp.gov.br\/acervo\/wp-json\/wp\/v2\/media?parent=14288"}],"curies":[{"name":"wp","href":"https:\/\/api.w.org\/{rel}","templated":true}]}}

Pires de madeira com aplicação de charão

<p>Pires de madeira com aplicação de charão na parte superior. Na parte posterior há uma base com acabamento em formato de anel, com a borda grossa, e no centro há aplicação de charão em cor mais escura, e em volta madeira crua.</p>
