{"id":14297,"date":"2021-11-30T22:34:26","date_gmt":"2021-12-01T00:34:26","guid":{"rendered":"https:\/\/museuflorestal.ambiente.sp.gov.br\/acervo\/?post_type=tnc_col_329_item&#038;p=14297"},"modified":"2021-11-30T22:34:28","modified_gmt":"2021-12-01T00:34:28","slug":"xicara-de-madeira-com-aplicacao-de-charao-7","status":"publish","type":"tnc_col_329_item","link":"https:\/\/museuflorestal.ambiente.sp.gov.br\/acervo\/museu-florestal-octavio-vecchi\/xicara-de-madeira-com-aplicacao-de-charao-7\/","title":{"rendered":"X\u00edcara de madeira com aplica\u00e7\u00e3o de char\u00e3o"},"content":{"rendered":"<p>X\u00edcara circular com aplica\u00e7\u00e3o de char\u00e3o. Possui as bordas voltadas para fora e al\u00e7a alongada.<\/p>\n","protected":false},"featured_media":14298,"parent":0,"menu_order":0,"comment_status":"closed","ping_status":"closed","template":"","format":"standard","_links":{"self":[{"href":"https:\/\/museuflorestal.ambiente.sp.gov.br\/acervo\/wp-json\/wp\/v2\/tnc_col_329_item\/14297"}],"collection":[{"href":"https:\/\/museuflorestal.ambiente.sp.gov.br\/acervo\/wp-json\/wp\/v2\/tnc_col_329_item"}],"about":[{"href":"https:\/\/museuflorestal.ambiente.sp.gov.br\/acervo\/wp-json\/wp\/v2\/types\/tnc_col_329_item"}],"replies":[{"embeddable":true,"href":"https:\/\/museuflorestal.ambiente.sp.gov.br\/acervo\/wp-json\/wp\/v2\/comments?post=14297"}],"version-history":[{"count":0,"href":"https:\/\/museuflorestal.ambiente.sp.gov.br\/acervo\/wp-json\/wp\/v2\/tnc_col_329_item\/14297\/revisions"}],"wp:featuredmedia":[{"embeddable":true,"href":"https:\/\/museuflorestal.ambiente.sp.gov.br\/acervo\/wp-json\/wp\/v2\/media\/14298"}],"wp:attachment":[{"href":"https:\/\/museuflorestal.ambiente.sp.gov.br\/acervo\/wp-json\/wp\/v2\/media?parent=14297"}],"curies":[{"name":"wp","href":"https:\/\/api.w.org\/{rel}","templated":true}]}}

Xícara de madeira com aplicação de charão

<p>Xícara circular com aplicação de charão. Possui as bordas voltadas para fora e alça alongada.</p>
