{"id":14304,"date":"2021-11-30T22:34:35","date_gmt":"2021-12-01T00:34:35","guid":{"rendered":"https:\/\/museuflorestal.ambiente.sp.gov.br\/acervo\/?post_type=tnc_col_329_item&#038;p=14304"},"modified":"2021-11-30T22:34:38","modified_gmt":"2021-12-01T00:34:38","slug":"xicara-de-madeira-com-aplicacao-de-charao-8","status":"publish","type":"tnc_col_329_item","link":"https:\/\/museuflorestal.ambiente.sp.gov.br\/acervo\/museu-florestal-octavio-vecchi\/xicara-de-madeira-com-aplicacao-de-charao-8\/","title":{"rendered":"X\u00edcara de madeira com aplica\u00e7\u00e3o de char\u00e3o"},"content":{"rendered":"<p>X\u00edcara de madeira com aplica\u00e7\u00e3o de char\u00e3o. Possui as bordas voltadas para fora e a al\u00e7a alongada para cima. Na parte posterior a base \u00e9 em forma de anel. Na lateral h\u00e1 um esparadrapo com a inscri\u00e7\u00e3o &#8220;Amalia Fontes&#8221; \u00e0 caneta.<\/p>\n","protected":false},"featured_media":14306,"parent":0,"menu_order":0,"comment_status":"closed","ping_status":"closed","template":"","format":"standard","_links":{"self":[{"href":"https:\/\/museuflorestal.ambiente.sp.gov.br\/acervo\/wp-json\/wp\/v2\/tnc_col_329_item\/14304"}],"collection":[{"href":"https:\/\/museuflorestal.ambiente.sp.gov.br\/acervo\/wp-json\/wp\/v2\/tnc_col_329_item"}],"about":[{"href":"https:\/\/museuflorestal.ambiente.sp.gov.br\/acervo\/wp-json\/wp\/v2\/types\/tnc_col_329_item"}],"replies":[{"embeddable":true,"href":"https:\/\/museuflorestal.ambiente.sp.gov.br\/acervo\/wp-json\/wp\/v2\/comments?post=14304"}],"version-history":[{"count":0,"href":"https:\/\/museuflorestal.ambiente.sp.gov.br\/acervo\/wp-json\/wp\/v2\/tnc_col_329_item\/14304\/revisions"}],"wp:featuredmedia":[{"embeddable":true,"href":"https:\/\/museuflorestal.ambiente.sp.gov.br\/acervo\/wp-json\/wp\/v2\/media\/14306"}],"wp:attachment":[{"href":"https:\/\/museuflorestal.ambiente.sp.gov.br\/acervo\/wp-json\/wp\/v2\/media?parent=14304"}],"curies":[{"name":"wp","href":"https:\/\/api.w.org\/{rel}","templated":true}]}}

Xícara de madeira com aplicação de charão

<p>Xícara de madeira com aplicação de charão. Possui as bordas voltadas para fora e a alça alongada para cima. Na parte posterior a base é em forma de anel. Na lateral há um esparadrapo com a inscrição &#8220;Amalia Fontes&#8221; à caneta.</p>
