{"id":14312,"date":"2021-11-30T22:34:44","date_gmt":"2021-12-01T00:34:44","guid":{"rendered":"https:\/\/museuflorestal.ambiente.sp.gov.br\/acervo\/?post_type=tnc_col_329_item&#038;p=14312"},"modified":"2021-11-30T22:34:45","modified_gmt":"2021-12-01T00:34:45","slug":"xicara-de-madeira-com-aplicacao-de-charao-9","status":"publish","type":"tnc_col_329_item","link":"https:\/\/museuflorestal.ambiente.sp.gov.br\/acervo\/museu-florestal-octavio-vecchi\/xicara-de-madeira-com-aplicacao-de-charao-9\/","title":{"rendered":"X\u00edcara de madeira com aplica\u00e7\u00e3o de char\u00e3o"},"content":{"rendered":"<p>X\u00edcara de madeira com aplica\u00e7\u00e3o de char\u00e3o. Possui as bordas voltadas para fora e a al\u00e7a alongada para cima. Na base h\u00e1 uma fita adesiva com a inscri\u00e7\u00e3o &#8220;Maria Bonilha&#8221; \u00e0 caneta preta.<\/p>\n","protected":false},"featured_media":14314,"parent":0,"menu_order":0,"comment_status":"closed","ping_status":"closed","template":"","format":"standard","_links":{"self":[{"href":"https:\/\/museuflorestal.ambiente.sp.gov.br\/acervo\/wp-json\/wp\/v2\/tnc_col_329_item\/14312"}],"collection":[{"href":"https:\/\/museuflorestal.ambiente.sp.gov.br\/acervo\/wp-json\/wp\/v2\/tnc_col_329_item"}],"about":[{"href":"https:\/\/museuflorestal.ambiente.sp.gov.br\/acervo\/wp-json\/wp\/v2\/types\/tnc_col_329_item"}],"replies":[{"embeddable":true,"href":"https:\/\/museuflorestal.ambiente.sp.gov.br\/acervo\/wp-json\/wp\/v2\/comments?post=14312"}],"version-history":[{"count":0,"href":"https:\/\/museuflorestal.ambiente.sp.gov.br\/acervo\/wp-json\/wp\/v2\/tnc_col_329_item\/14312\/revisions"}],"wp:featuredmedia":[{"embeddable":true,"href":"https:\/\/museuflorestal.ambiente.sp.gov.br\/acervo\/wp-json\/wp\/v2\/media\/14314"}],"wp:attachment":[{"href":"https:\/\/museuflorestal.ambiente.sp.gov.br\/acervo\/wp-json\/wp\/v2\/media?parent=14312"}],"curies":[{"name":"wp","href":"https:\/\/api.w.org\/{rel}","templated":true}]}}

Xícara de madeira com aplicação de charão

<p>Xícara de madeira com aplicação de charão. Possui as bordas voltadas para fora e a alça alongada para cima. Na base há uma fita adesiva com a inscrição &#8220;Maria Bonilha&#8221; à caneta preta.</p>
