{"id":14329,"date":"2021-11-30T22:35:03","date_gmt":"2021-12-01T00:35:03","guid":{"rendered":"https:\/\/museuflorestal.ambiente.sp.gov.br\/acervo\/?post_type=tnc_col_329_item&#038;p=14329"},"modified":"2021-11-30T22:35:06","modified_gmt":"2021-12-01T00:35:06","slug":"prateleira-com-aplicacao-de-charao","status":"publish","type":"tnc_col_329_item","link":"https:\/\/museuflorestal.ambiente.sp.gov.br\/acervo\/museu-florestal-octavio-vecchi\/prateleira-com-aplicacao-de-charao\/","title":{"rendered":"Prateleira com aplica\u00e7\u00e3o de char\u00e3o"},"content":{"rendered":"<p>Prateleira com painel de madeira e aplica\u00e7\u00e3o de char\u00e3o. O painel possui formato ondulado com a extremidade pontiaguda. Nas duas laterais h\u00e1 buracos para encaixe na parede. Do meio se estende uma prateleira com tr\u00eas depress\u00f5es circulares na parte de cima. H\u00e1 um entalhe &#8220;08&#8221; na base.<\/p>\n","protected":false},"featured_media":14331,"parent":0,"menu_order":0,"comment_status":"closed","ping_status":"closed","template":"","format":"standard","_links":{"self":[{"href":"https:\/\/museuflorestal.ambiente.sp.gov.br\/acervo\/wp-json\/wp\/v2\/tnc_col_329_item\/14329"}],"collection":[{"href":"https:\/\/museuflorestal.ambiente.sp.gov.br\/acervo\/wp-json\/wp\/v2\/tnc_col_329_item"}],"about":[{"href":"https:\/\/museuflorestal.ambiente.sp.gov.br\/acervo\/wp-json\/wp\/v2\/types\/tnc_col_329_item"}],"replies":[{"embeddable":true,"href":"https:\/\/museuflorestal.ambiente.sp.gov.br\/acervo\/wp-json\/wp\/v2\/comments?post=14329"}],"version-history":[{"count":0,"href":"https:\/\/museuflorestal.ambiente.sp.gov.br\/acervo\/wp-json\/wp\/v2\/tnc_col_329_item\/14329\/revisions"}],"wp:featuredmedia":[{"embeddable":true,"href":"https:\/\/museuflorestal.ambiente.sp.gov.br\/acervo\/wp-json\/wp\/v2\/media\/14331"}],"wp:attachment":[{"href":"https:\/\/museuflorestal.ambiente.sp.gov.br\/acervo\/wp-json\/wp\/v2\/media?parent=14329"}],"curies":[{"name":"wp","href":"https:\/\/api.w.org\/{rel}","templated":true}]}}

Prateleira com aplicação de charão

<p>Prateleira com painel de madeira e aplicação de charão. O painel possui formato ondulado com a extremidade pontiaguda. Nas duas laterais há buracos para encaixe na parede. Do meio se estende uma prateleira com três depressões circulares na parte de cima. Há um entalhe &#8220;08&#8221; na base.</p>
