{"id":14337,"date":"2021-11-30T22:35:12","date_gmt":"2021-12-01T00:35:12","guid":{"rendered":"https:\/\/museuflorestal.ambiente.sp.gov.br\/acervo\/?post_type=tnc_col_329_item&#038;p=14337"},"modified":"2021-11-30T22:35:17","modified_gmt":"2021-12-01T00:35:17","slug":"garrafa-com-aplicacao-de-charao","status":"publish","type":"tnc_col_329_item","link":"https:\/\/museuflorestal.ambiente.sp.gov.br\/acervo\/museu-florestal-octavio-vecchi\/garrafa-com-aplicacao-de-charao\/","title":{"rendered":"Garrafa com aplica\u00e7\u00e3o de char\u00e3o"},"content":{"rendered":"<p>Garrafa de madeira com tampa remov\u00edvel em formato de rolha, com aplica\u00e7\u00e3o de char\u00e3o. Na base possui uma fita adesiva com a inscri\u00e7\u00e3o &#8220;Alici Carmen&#8221;(?)&#8221; \u00e0 caneta azul, e o entalhe &#8220;08&#8221; na madeira.<\/p>\n","protected":false},"featured_media":14339,"parent":0,"menu_order":0,"comment_status":"closed","ping_status":"closed","template":"","format":"standard","_links":{"self":[{"href":"https:\/\/museuflorestal.ambiente.sp.gov.br\/acervo\/wp-json\/wp\/v2\/tnc_col_329_item\/14337"}],"collection":[{"href":"https:\/\/museuflorestal.ambiente.sp.gov.br\/acervo\/wp-json\/wp\/v2\/tnc_col_329_item"}],"about":[{"href":"https:\/\/museuflorestal.ambiente.sp.gov.br\/acervo\/wp-json\/wp\/v2\/types\/tnc_col_329_item"}],"replies":[{"embeddable":true,"href":"https:\/\/museuflorestal.ambiente.sp.gov.br\/acervo\/wp-json\/wp\/v2\/comments?post=14337"}],"version-history":[{"count":0,"href":"https:\/\/museuflorestal.ambiente.sp.gov.br\/acervo\/wp-json\/wp\/v2\/tnc_col_329_item\/14337\/revisions"}],"wp:featuredmedia":[{"embeddable":true,"href":"https:\/\/museuflorestal.ambiente.sp.gov.br\/acervo\/wp-json\/wp\/v2\/media\/14339"}],"wp:attachment":[{"href":"https:\/\/museuflorestal.ambiente.sp.gov.br\/acervo\/wp-json\/wp\/v2\/media?parent=14337"}],"curies":[{"name":"wp","href":"https:\/\/api.w.org\/{rel}","templated":true}]}}

Garrafa com aplicação de charão

<p>Garrafa de madeira com tampa removível em formato de rolha, com aplicação de charão. Na base possui uma fita adesiva com a inscrição &#8220;Alici Carmen&#8221;(?)&#8221; à caneta azul, e o entalhe &#8220;08&#8221; na madeira.</p>
