{"id":14354,"date":"2021-11-30T22:35:34","date_gmt":"2021-12-01T00:35:34","guid":{"rendered":"https:\/\/museuflorestal.ambiente.sp.gov.br\/acervo\/?post_type=tnc_col_329_item&#038;p=14354"},"modified":"2021-11-30T22:35:35","modified_gmt":"2021-12-01T00:35:35","slug":"bandeja-com-aplicacao-de-charao-18","status":"publish","type":"tnc_col_329_item","link":"https:\/\/museuflorestal.ambiente.sp.gov.br\/acervo\/museu-florestal-octavio-vecchi\/bandeja-com-aplicacao-de-charao-18\/","title":{"rendered":"Bandeja com aplica\u00e7\u00e3o de char\u00e3o"},"content":{"rendered":"<p>Bandeja de madeira retangular com aplica\u00e7\u00e3o de char\u00e3o. Possui as bordas altas e os cantos arredondados. Na parte posterior h\u00e1 uma fita adesiva com uma inscri\u00e7\u00e3o ileg\u00edvel \u00e0 caneta.<\/p>\n","protected":false},"featured_media":14355,"parent":0,"menu_order":0,"comment_status":"closed","ping_status":"closed","template":"","format":"standard","_links":{"self":[{"href":"https:\/\/museuflorestal.ambiente.sp.gov.br\/acervo\/wp-json\/wp\/v2\/tnc_col_329_item\/14354"}],"collection":[{"href":"https:\/\/museuflorestal.ambiente.sp.gov.br\/acervo\/wp-json\/wp\/v2\/tnc_col_329_item"}],"about":[{"href":"https:\/\/museuflorestal.ambiente.sp.gov.br\/acervo\/wp-json\/wp\/v2\/types\/tnc_col_329_item"}],"replies":[{"embeddable":true,"href":"https:\/\/museuflorestal.ambiente.sp.gov.br\/acervo\/wp-json\/wp\/v2\/comments?post=14354"}],"version-history":[{"count":0,"href":"https:\/\/museuflorestal.ambiente.sp.gov.br\/acervo\/wp-json\/wp\/v2\/tnc_col_329_item\/14354\/revisions"}],"wp:featuredmedia":[{"embeddable":true,"href":"https:\/\/museuflorestal.ambiente.sp.gov.br\/acervo\/wp-json\/wp\/v2\/media\/14355"}],"wp:attachment":[{"href":"https:\/\/museuflorestal.ambiente.sp.gov.br\/acervo\/wp-json\/wp\/v2\/media?parent=14354"}],"curies":[{"name":"wp","href":"https:\/\/api.w.org\/{rel}","templated":true}]}}

Bandeja com aplicação de charão

<p>Bandeja de madeira retangular com aplicação de charão. Possui as bordas altas e os cantos arredondados. Na parte posterior há uma fita adesiva com uma inscrição ilegível à caneta.</p>
