{"id":14358,"date":"2021-11-30T22:35:40","date_gmt":"2021-12-01T00:35:40","guid":{"rendered":"https:\/\/museuflorestal.ambiente.sp.gov.br\/acervo\/?post_type=tnc_col_329_item&#038;p=14358"},"modified":"2021-11-30T22:35:40","modified_gmt":"2021-12-01T00:35:40","slug":"bandeja-com-aplicacao-de-charao-19","status":"publish","type":"tnc_col_329_item","link":"https:\/\/museuflorestal.ambiente.sp.gov.br\/acervo\/museu-florestal-octavio-vecchi\/bandeja-com-aplicacao-de-charao-19\/","title":{"rendered":"Bandeja com aplica\u00e7\u00e3o de char\u00e3o"},"content":{"rendered":"<p>Bandeja de madeira retangular com aplica\u00e7\u00e3o de char\u00e3o. Possui cantos arredondados, e na parte posterior h\u00e1 uma fita adesiva com a inscri\u00e7\u00e3o &#8220;Jandyra Tomassini&#8221; \u00e0 caneta.<\/p>\n","protected":false},"featured_media":14360,"parent":0,"menu_order":0,"comment_status":"closed","ping_status":"closed","template":"","format":"standard","_links":{"self":[{"href":"https:\/\/museuflorestal.ambiente.sp.gov.br\/acervo\/wp-json\/wp\/v2\/tnc_col_329_item\/14358"}],"collection":[{"href":"https:\/\/museuflorestal.ambiente.sp.gov.br\/acervo\/wp-json\/wp\/v2\/tnc_col_329_item"}],"about":[{"href":"https:\/\/museuflorestal.ambiente.sp.gov.br\/acervo\/wp-json\/wp\/v2\/types\/tnc_col_329_item"}],"replies":[{"embeddable":true,"href":"https:\/\/museuflorestal.ambiente.sp.gov.br\/acervo\/wp-json\/wp\/v2\/comments?post=14358"}],"version-history":[{"count":0,"href":"https:\/\/museuflorestal.ambiente.sp.gov.br\/acervo\/wp-json\/wp\/v2\/tnc_col_329_item\/14358\/revisions"}],"wp:featuredmedia":[{"embeddable":true,"href":"https:\/\/museuflorestal.ambiente.sp.gov.br\/acervo\/wp-json\/wp\/v2\/media\/14360"}],"wp:attachment":[{"href":"https:\/\/museuflorestal.ambiente.sp.gov.br\/acervo\/wp-json\/wp\/v2\/media?parent=14358"}],"curies":[{"name":"wp","href":"https:\/\/api.w.org\/{rel}","templated":true}]}}

Bandeja com aplicação de charão

<p>Bandeja de madeira retangular com aplicação de charão. Possui cantos arredondados, e na parte posterior há uma fita adesiva com a inscrição &#8220;Jandyra Tomassini&#8221; à caneta.</p>
