{"id":14363,"date":"2021-11-30T22:35:44","date_gmt":"2021-12-01T00:35:44","guid":{"rendered":"https:\/\/museuflorestal.ambiente.sp.gov.br\/acervo\/?post_type=tnc_col_329_item&#038;p=14363"},"modified":"2021-11-30T22:35:44","modified_gmt":"2021-12-01T00:35:44","slug":"bandeja-com-aplicacao-de-charao-20","status":"publish","type":"tnc_col_329_item","link":"https:\/\/museuflorestal.ambiente.sp.gov.br\/acervo\/museu-florestal-octavio-vecchi\/bandeja-com-aplicacao-de-charao-20\/","title":{"rendered":"Bandeja com aplica\u00e7\u00e3o de char\u00e3o"},"content":{"rendered":"<p>Bandeja de madeira retangular com aplica\u00e7\u00e3o de char\u00e3o. Possui os cantos arredondados e as bordas altas. Na parte posterior h\u00e1 uma fita adesiva com a inscri\u00e7\u00e3o a l\u00e1pis &#8220;Marta Magalh\u00e3es-3\u00ba feira&#8221;<\/p>\n","protected":false},"featured_media":14365,"parent":0,"menu_order":0,"comment_status":"closed","ping_status":"closed","template":"","format":"standard","_links":{"self":[{"href":"https:\/\/museuflorestal.ambiente.sp.gov.br\/acervo\/wp-json\/wp\/v2\/tnc_col_329_item\/14363"}],"collection":[{"href":"https:\/\/museuflorestal.ambiente.sp.gov.br\/acervo\/wp-json\/wp\/v2\/tnc_col_329_item"}],"about":[{"href":"https:\/\/museuflorestal.ambiente.sp.gov.br\/acervo\/wp-json\/wp\/v2\/types\/tnc_col_329_item"}],"replies":[{"embeddable":true,"href":"https:\/\/museuflorestal.ambiente.sp.gov.br\/acervo\/wp-json\/wp\/v2\/comments?post=14363"}],"version-history":[{"count":0,"href":"https:\/\/museuflorestal.ambiente.sp.gov.br\/acervo\/wp-json\/wp\/v2\/tnc_col_329_item\/14363\/revisions"}],"wp:featuredmedia":[{"embeddable":true,"href":"https:\/\/museuflorestal.ambiente.sp.gov.br\/acervo\/wp-json\/wp\/v2\/media\/14365"}],"wp:attachment":[{"href":"https:\/\/museuflorestal.ambiente.sp.gov.br\/acervo\/wp-json\/wp\/v2\/media?parent=14363"}],"curies":[{"name":"wp","href":"https:\/\/api.w.org\/{rel}","templated":true}]}}

Bandeja com aplicação de charão

<p>Bandeja de madeira retangular com aplicação de charão. Possui os cantos arredondados e as bordas altas. Na parte posterior há uma fita adesiva com a inscrição a lápis &#8220;Marta Magalhães-3º feira&#8221;</p>
