{"id":14372,"date":"2021-11-30T22:35:52","date_gmt":"2021-12-01T00:35:52","guid":{"rendered":"https:\/\/museuflorestal.ambiente.sp.gov.br\/acervo\/?post_type=tnc_col_329_item&#038;p=14372"},"modified":"2021-11-30T22:35:55","modified_gmt":"2021-12-01T00:35:55","slug":"tampa-com-aplicacao-de-charao-7","status":"publish","type":"tnc_col_329_item","link":"https:\/\/museuflorestal.ambiente.sp.gov.br\/acervo\/museu-florestal-octavio-vecchi\/tampa-com-aplicacao-de-charao-7\/","title":{"rendered":"Tampa com aplica\u00e7\u00e3o de char\u00e3o"},"content":{"rendered":"<p>Tampa retangular de madeira com laterais retas, e com aplica\u00e7\u00e3o de char\u00e3o em toda sua extens\u00e3o. A parte interna da tampa est\u00e1 mais desgastada que externa. Na parte superior de uma das laterais h\u00e1 um entalhe retangular.<\/p>\n","protected":false},"featured_media":14373,"parent":0,"menu_order":0,"comment_status":"closed","ping_status":"closed","template":"","format":"standard","_links":{"self":[{"href":"https:\/\/museuflorestal.ambiente.sp.gov.br\/acervo\/wp-json\/wp\/v2\/tnc_col_329_item\/14372"}],"collection":[{"href":"https:\/\/museuflorestal.ambiente.sp.gov.br\/acervo\/wp-json\/wp\/v2\/tnc_col_329_item"}],"about":[{"href":"https:\/\/museuflorestal.ambiente.sp.gov.br\/acervo\/wp-json\/wp\/v2\/types\/tnc_col_329_item"}],"replies":[{"embeddable":true,"href":"https:\/\/museuflorestal.ambiente.sp.gov.br\/acervo\/wp-json\/wp\/v2\/comments?post=14372"}],"version-history":[{"count":0,"href":"https:\/\/museuflorestal.ambiente.sp.gov.br\/acervo\/wp-json\/wp\/v2\/tnc_col_329_item\/14372\/revisions"}],"wp:featuredmedia":[{"embeddable":true,"href":"https:\/\/museuflorestal.ambiente.sp.gov.br\/acervo\/wp-json\/wp\/v2\/media\/14373"}],"wp:attachment":[{"href":"https:\/\/museuflorestal.ambiente.sp.gov.br\/acervo\/wp-json\/wp\/v2\/media?parent=14372"}],"curies":[{"name":"wp","href":"https:\/\/api.w.org\/{rel}","templated":true}]}}

Tampa com aplicação de charão

<p>Tampa retangular de madeira com laterais retas, e com aplicação de charão em toda sua extensão. A parte interna da tampa está mais desgastada que externa. Na parte superior de uma das laterais há um entalhe retangular.</p>
