{"id":14382,"date":"2021-11-30T22:36:02","date_gmt":"2021-12-01T00:36:02","guid":{"rendered":"https:\/\/museuflorestal.ambiente.sp.gov.br\/acervo\/?post_type=tnc_col_329_item&#038;p=14382"},"modified":"2021-11-30T22:36:05","modified_gmt":"2021-12-01T00:36:05","slug":"placa-de-madeira","status":"publish","type":"tnc_col_329_item","link":"https:\/\/museuflorestal.ambiente.sp.gov.br\/acervo\/museu-florestal-octavio-vecchi\/placa-de-madeira\/","title":{"rendered":"Placa de madeira"},"content":{"rendered":"<p>Placa retangular de madeira com base de prepara\u00e7\u00e3o para char\u00e3o. Possui cor cinza em sua face frontal e madeira crua no verso. No topo h\u00e1 dois pregos aparentes fincados at\u00e9 metade da placa. No verso h\u00e1 uma inscri\u00e7\u00e3o \u00e0 caneta preta &#8220;ms&#8221;.<\/p>\n","protected":false},"featured_media":14383,"parent":0,"menu_order":0,"comment_status":"closed","ping_status":"closed","template":"","format":"standard","_links":{"self":[{"href":"https:\/\/museuflorestal.ambiente.sp.gov.br\/acervo\/wp-json\/wp\/v2\/tnc_col_329_item\/14382"}],"collection":[{"href":"https:\/\/museuflorestal.ambiente.sp.gov.br\/acervo\/wp-json\/wp\/v2\/tnc_col_329_item"}],"about":[{"href":"https:\/\/museuflorestal.ambiente.sp.gov.br\/acervo\/wp-json\/wp\/v2\/types\/tnc_col_329_item"}],"replies":[{"embeddable":true,"href":"https:\/\/museuflorestal.ambiente.sp.gov.br\/acervo\/wp-json\/wp\/v2\/comments?post=14382"}],"version-history":[{"count":0,"href":"https:\/\/museuflorestal.ambiente.sp.gov.br\/acervo\/wp-json\/wp\/v2\/tnc_col_329_item\/14382\/revisions"}],"wp:featuredmedia":[{"embeddable":true,"href":"https:\/\/museuflorestal.ambiente.sp.gov.br\/acervo\/wp-json\/wp\/v2\/media\/14383"}],"wp:attachment":[{"href":"https:\/\/museuflorestal.ambiente.sp.gov.br\/acervo\/wp-json\/wp\/v2\/media?parent=14382"}],"curies":[{"name":"wp","href":"https:\/\/api.w.org\/{rel}","templated":true}]}}

<p>Placa retangular de madeira com base de preparação para charão. Possui cor cinza em sua face frontal e madeira crua no verso. No topo há dois pregos aparentes fincados até metade da placa. No verso há uma inscrição à caneta preta &#8220;ms&#8221;.</p>
