{"id":14408,"date":"2021-11-30T22:36:45","date_gmt":"2021-12-01T00:36:45","guid":{"rendered":"https:\/\/museuflorestal.ambiente.sp.gov.br\/acervo\/?post_type=tnc_col_329_item&#038;p=14408"},"modified":"2021-11-30T22:36:48","modified_gmt":"2021-12-01T00:36:48","slug":"placa-de-madeira-para-aplicacao-de-charao-2","status":"publish","type":"tnc_col_329_item","link":"https:\/\/museuflorestal.ambiente.sp.gov.br\/acervo\/museu-florestal-octavio-vecchi\/placa-de-madeira-para-aplicacao-de-charao-2\/","title":{"rendered":"Placa de madeira para aplica\u00e7\u00e3o de char\u00e3o"},"content":{"rendered":"<p>Placa retangular de madeira com base de prepara\u00e7\u00e3o para char\u00e3o. A face frontal possui a cor cinza, e no verso h\u00e1 tecido de algod\u00e3o aparente e uma fita adesiva com inscri\u00e7\u00e3o \u00e0 caneta &#8220;Sebasti\u00e3o Campezzi&#8221;.<\/p>\n","protected":false},"featured_media":14410,"parent":0,"menu_order":0,"comment_status":"closed","ping_status":"closed","template":"","format":"standard","_links":{"self":[{"href":"https:\/\/museuflorestal.ambiente.sp.gov.br\/acervo\/wp-json\/wp\/v2\/tnc_col_329_item\/14408"}],"collection":[{"href":"https:\/\/museuflorestal.ambiente.sp.gov.br\/acervo\/wp-json\/wp\/v2\/tnc_col_329_item"}],"about":[{"href":"https:\/\/museuflorestal.ambiente.sp.gov.br\/acervo\/wp-json\/wp\/v2\/types\/tnc_col_329_item"}],"replies":[{"embeddable":true,"href":"https:\/\/museuflorestal.ambiente.sp.gov.br\/acervo\/wp-json\/wp\/v2\/comments?post=14408"}],"version-history":[{"count":0,"href":"https:\/\/museuflorestal.ambiente.sp.gov.br\/acervo\/wp-json\/wp\/v2\/tnc_col_329_item\/14408\/revisions"}],"wp:featuredmedia":[{"embeddable":true,"href":"https:\/\/museuflorestal.ambiente.sp.gov.br\/acervo\/wp-json\/wp\/v2\/media\/14410"}],"wp:attachment":[{"href":"https:\/\/museuflorestal.ambiente.sp.gov.br\/acervo\/wp-json\/wp\/v2\/media?parent=14408"}],"curies":[{"name":"wp","href":"https:\/\/api.w.org\/{rel}","templated":true}]}}

Placa de madeira para aplicação de charão

<p>Placa retangular de madeira com base de preparação para charão. A face frontal possui a cor cinza, e no verso há tecido de algodão aparente e uma fita adesiva com inscrição à caneta &#8220;Sebastião Campezzi&#8221;.</p>
