{"id":14437,"date":"2021-11-30T22:37:34","date_gmt":"2021-12-01T00:37:34","guid":{"rendered":"https:\/\/museuflorestal.ambiente.sp.gov.br\/acervo\/?post_type=tnc_col_329_item&#038;p=14437"},"modified":"2021-11-30T22:37:36","modified_gmt":"2021-12-01T00:37:36","slug":"caixa-com-aplicacao-de-charao-7","status":"publish","type":"tnc_col_329_item","link":"https:\/\/museuflorestal.ambiente.sp.gov.br\/acervo\/museu-florestal-octavio-vecchi\/caixa-com-aplicacao-de-charao-7\/","title":{"rendered":"Caixa com aplica\u00e7\u00e3o de char\u00e3o"},"content":{"rendered":"<p>Caixa retangular de madeira com aplica\u00e7\u00e3o de char\u00e3o na parte superior. Na base, h\u00e1 tecido de algod\u00e3o e fita adesiva com a inscri\u00e7\u00e3o \u00e0 caneta &#8220;Iza Ebe&#8221;.<\/p>\n","protected":false},"featured_media":14438,"parent":0,"menu_order":0,"comment_status":"closed","ping_status":"closed","template":"","format":"standard","_links":{"self":[{"href":"https:\/\/museuflorestal.ambiente.sp.gov.br\/acervo\/wp-json\/wp\/v2\/tnc_col_329_item\/14437"}],"collection":[{"href":"https:\/\/museuflorestal.ambiente.sp.gov.br\/acervo\/wp-json\/wp\/v2\/tnc_col_329_item"}],"about":[{"href":"https:\/\/museuflorestal.ambiente.sp.gov.br\/acervo\/wp-json\/wp\/v2\/types\/tnc_col_329_item"}],"replies":[{"embeddable":true,"href":"https:\/\/museuflorestal.ambiente.sp.gov.br\/acervo\/wp-json\/wp\/v2\/comments?post=14437"}],"version-history":[{"count":0,"href":"https:\/\/museuflorestal.ambiente.sp.gov.br\/acervo\/wp-json\/wp\/v2\/tnc_col_329_item\/14437\/revisions"}],"wp:featuredmedia":[{"embeddable":true,"href":"https:\/\/museuflorestal.ambiente.sp.gov.br\/acervo\/wp-json\/wp\/v2\/media\/14438"}],"wp:attachment":[{"href":"https:\/\/museuflorestal.ambiente.sp.gov.br\/acervo\/wp-json\/wp\/v2\/media?parent=14437"}],"curies":[{"name":"wp","href":"https:\/\/api.w.org\/{rel}","templated":true}]}}

Caixa com aplicação de charão

<p>Caixa retangular de madeira com aplicação de charão na parte superior. Na base, há tecido de algodão e fita adesiva com a inscrição à caneta &#8220;Iza Ebe&#8221;.</p>
