{"id":14456,"date":"2021-11-30T22:38:08","date_gmt":"2021-12-01T00:38:08","guid":{"rendered":"https:\/\/museuflorestal.ambiente.sp.gov.br\/acervo\/?post_type=tnc_col_329_item&#038;p=14456"},"modified":"2021-11-30T22:38:10","modified_gmt":"2021-12-01T00:38:10","slug":"tampa-de-madeira","status":"publish","type":"tnc_col_329_item","link":"https:\/\/museuflorestal.ambiente.sp.gov.br\/acervo\/museu-florestal-octavio-vecchi\/tampa-de-madeira\/","title":{"rendered":"Tampa de madeira"},"content":{"rendered":"<p>Tampa retangular de madeira com base de prepara\u00e7\u00e3o para char\u00e3o. Na parte superior h\u00e1 uma fita adesiva com a inscri\u00e7\u00e3o &#8220;Iza Ebe&#8221;. Em um dos lados da parte interna da tampa, h\u00e1 dois acabamentos para encaixe de dobradi\u00e7a e os entalhes &#8220;63&#8221; e &#8220;9&#8221;.<\/p>\n","protected":false},"featured_media":14457,"parent":0,"menu_order":0,"comment_status":"closed","ping_status":"closed","template":"","format":"standard","_links":{"self":[{"href":"https:\/\/museuflorestal.ambiente.sp.gov.br\/acervo\/wp-json\/wp\/v2\/tnc_col_329_item\/14456"}],"collection":[{"href":"https:\/\/museuflorestal.ambiente.sp.gov.br\/acervo\/wp-json\/wp\/v2\/tnc_col_329_item"}],"about":[{"href":"https:\/\/museuflorestal.ambiente.sp.gov.br\/acervo\/wp-json\/wp\/v2\/types\/tnc_col_329_item"}],"replies":[{"embeddable":true,"href":"https:\/\/museuflorestal.ambiente.sp.gov.br\/acervo\/wp-json\/wp\/v2\/comments?post=14456"}],"version-history":[{"count":0,"href":"https:\/\/museuflorestal.ambiente.sp.gov.br\/acervo\/wp-json\/wp\/v2\/tnc_col_329_item\/14456\/revisions"}],"wp:featuredmedia":[{"embeddable":true,"href":"https:\/\/museuflorestal.ambiente.sp.gov.br\/acervo\/wp-json\/wp\/v2\/media\/14457"}],"wp:attachment":[{"href":"https:\/\/museuflorestal.ambiente.sp.gov.br\/acervo\/wp-json\/wp\/v2\/media?parent=14456"}],"curies":[{"name":"wp","href":"https:\/\/api.w.org\/{rel}","templated":true}]}}

<p>Tampa retangular de madeira com base de preparação para charão. Na parte superior há uma fita adesiva com a inscrição &#8220;Iza Ebe&#8221;. Em um dos lados da parte interna da tampa, há dois acabamentos para encaixe de dobradiça e os entalhes &#8220;63&#8221; e &#8220;9&#8221;.</p>
