{"id":14469,"date":"2021-11-30T22:38:31","date_gmt":"2021-12-01T00:38:31","guid":{"rendered":"https:\/\/museuflorestal.ambiente.sp.gov.br\/acervo\/?post_type=tnc_col_329_item&#038;p=14469"},"modified":"2021-11-30T22:38:34","modified_gmt":"2021-12-01T00:38:34","slug":"alca-com-aplicacao-de-charao","status":"publish","type":"tnc_col_329_item","link":"https:\/\/museuflorestal.ambiente.sp.gov.br\/acervo\/museu-florestal-octavio-vecchi\/alca-com-aplicacao-de-charao\/","title":{"rendered":"Al\u00e7a com aplica\u00e7\u00e3o de char\u00e3o"},"content":{"rendered":"<p>Al\u00e7a de madeira em forma de meia-lua, com aplica\u00e7\u00e3o de char\u00e3o. Possui acabamento torneado e as extremidades terminadas em esferas.<\/p>\n","protected":false},"featured_media":14471,"parent":0,"menu_order":0,"comment_status":"closed","ping_status":"closed","template":"","format":"standard","_links":{"self":[{"href":"https:\/\/museuflorestal.ambiente.sp.gov.br\/acervo\/wp-json\/wp\/v2\/tnc_col_329_item\/14469"}],"collection":[{"href":"https:\/\/museuflorestal.ambiente.sp.gov.br\/acervo\/wp-json\/wp\/v2\/tnc_col_329_item"}],"about":[{"href":"https:\/\/museuflorestal.ambiente.sp.gov.br\/acervo\/wp-json\/wp\/v2\/types\/tnc_col_329_item"}],"replies":[{"embeddable":true,"href":"https:\/\/museuflorestal.ambiente.sp.gov.br\/acervo\/wp-json\/wp\/v2\/comments?post=14469"}],"version-history":[{"count":0,"href":"https:\/\/museuflorestal.ambiente.sp.gov.br\/acervo\/wp-json\/wp\/v2\/tnc_col_329_item\/14469\/revisions"}],"wp:featuredmedia":[{"embeddable":true,"href":"https:\/\/museuflorestal.ambiente.sp.gov.br\/acervo\/wp-json\/wp\/v2\/media\/14471"}],"wp:attachment":[{"href":"https:\/\/museuflorestal.ambiente.sp.gov.br\/acervo\/wp-json\/wp\/v2\/media?parent=14469"}],"curies":[{"name":"wp","href":"https:\/\/api.w.org\/{rel}","templated":true}]}}

Alça com aplicação de charão

<p>Alça de madeira em forma de meia-lua, com aplicação de charão. Possui acabamento torneado e as extremidades terminadas em esferas.</p>
