{"id":14640,"date":"2021-11-30T22:43:20","date_gmt":"2021-12-01T00:43:20","guid":{"rendered":"https:\/\/museuflorestal.ambiente.sp.gov.br\/acervo\/?post_type=tnc_col_329_item&#038;p=14640"},"modified":"2021-11-30T22:43:23","modified_gmt":"2021-12-01T00:43:23","slug":"pote-de-madeira-com-alca","status":"publish","type":"tnc_col_329_item","link":"https:\/\/museuflorestal.ambiente.sp.gov.br\/acervo\/museu-florestal-octavio-vecchi\/pote-de-madeira-com-alca\/","title":{"rendered":"Pote de madeira com al\u00e7a"},"content":{"rendered":"<p>Pote de madeira circular com aplica\u00e7\u00e3o de char\u00e3o. Possui corpo abaulado que afunila at\u00e9 a base redonda. Possui al\u00e7a em formato de meia-lua com acabamento em esferas que se encaixam no pote.<\/p>\n","protected":false},"featured_media":14642,"parent":0,"menu_order":0,"comment_status":"closed","ping_status":"closed","template":"","format":"standard","_links":{"self":[{"href":"https:\/\/museuflorestal.ambiente.sp.gov.br\/acervo\/wp-json\/wp\/v2\/tnc_col_329_item\/14640"}],"collection":[{"href":"https:\/\/museuflorestal.ambiente.sp.gov.br\/acervo\/wp-json\/wp\/v2\/tnc_col_329_item"}],"about":[{"href":"https:\/\/museuflorestal.ambiente.sp.gov.br\/acervo\/wp-json\/wp\/v2\/types\/tnc_col_329_item"}],"replies":[{"embeddable":true,"href":"https:\/\/museuflorestal.ambiente.sp.gov.br\/acervo\/wp-json\/wp\/v2\/comments?post=14640"}],"version-history":[{"count":0,"href":"https:\/\/museuflorestal.ambiente.sp.gov.br\/acervo\/wp-json\/wp\/v2\/tnc_col_329_item\/14640\/revisions"}],"wp:featuredmedia":[{"embeddable":true,"href":"https:\/\/museuflorestal.ambiente.sp.gov.br\/acervo\/wp-json\/wp\/v2\/media\/14642"}],"wp:attachment":[{"href":"https:\/\/museuflorestal.ambiente.sp.gov.br\/acervo\/wp-json\/wp\/v2\/media?parent=14640"}],"curies":[{"name":"wp","href":"https:\/\/api.w.org\/{rel}","templated":true}]}}

Pote de madeira com alça

<p>Pote de madeira circular com aplicação de charão. Possui corpo abaulado que afunila até a base redonda. Possui alça em formato de meia-lua com acabamento em esferas que se encaixam no pote.</p>
