{"id":14657,"date":"2021-11-30T22:43:56","date_gmt":"2021-12-01T00:43:56","guid":{"rendered":"https:\/\/museuflorestal.ambiente.sp.gov.br\/acervo\/?post_type=tnc_col_329_item&#038;p=14657"},"modified":"2021-11-30T22:43:59","modified_gmt":"2021-12-01T00:43:59","slug":"bandeja-de-madeira-com-base","status":"publish","type":"tnc_col_329_item","link":"https:\/\/museuflorestal.ambiente.sp.gov.br\/acervo\/museu-florestal-octavio-vecchi\/bandeja-de-madeira-com-base\/","title":{"rendered":"Bandeja de madeira com base"},"content":{"rendered":"<p>Bandeja redonda de madeira com aplica\u00e7\u00e3o de char\u00e3o. Possui bordas levantadas e na parte posterior, base com acabamento em formato de anel com bordas grossas. Ao centro da base, cor natural da madeira com furo e inscri\u00e7\u00f5es a l\u00e1pis &#8220;Julieta&#8221; e &#8220;Carmem Nakayama&#8221;.<\/p>\n","protected":false},"featured_media":14660,"parent":0,"menu_order":0,"comment_status":"closed","ping_status":"closed","template":"","format":"standard","_links":{"self":[{"href":"https:\/\/museuflorestal.ambiente.sp.gov.br\/acervo\/wp-json\/wp\/v2\/tnc_col_329_item\/14657"}],"collection":[{"href":"https:\/\/museuflorestal.ambiente.sp.gov.br\/acervo\/wp-json\/wp\/v2\/tnc_col_329_item"}],"about":[{"href":"https:\/\/museuflorestal.ambiente.sp.gov.br\/acervo\/wp-json\/wp\/v2\/types\/tnc_col_329_item"}],"replies":[{"embeddable":true,"href":"https:\/\/museuflorestal.ambiente.sp.gov.br\/acervo\/wp-json\/wp\/v2\/comments?post=14657"}],"version-history":[{"count":0,"href":"https:\/\/museuflorestal.ambiente.sp.gov.br\/acervo\/wp-json\/wp\/v2\/tnc_col_329_item\/14657\/revisions"}],"wp:featuredmedia":[{"embeddable":true,"href":"https:\/\/museuflorestal.ambiente.sp.gov.br\/acervo\/wp-json\/wp\/v2\/media\/14660"}],"wp:attachment":[{"href":"https:\/\/museuflorestal.ambiente.sp.gov.br\/acervo\/wp-json\/wp\/v2\/media?parent=14657"}],"curies":[{"name":"wp","href":"https:\/\/api.w.org\/{rel}","templated":true}]}}

<p>Bandeja redonda de madeira com aplicação de charão. Possui bordas levantadas e na parte posterior, base com acabamento em formato de anel com bordas grossas. Ao centro da base, cor natural da madeira com furo e inscrições a lápis &#8220;Julieta&#8221; e &#8220;Carmem Nakayama&#8221;.</p>
