{"id":14674,"date":"2021-11-30T22:44:23","date_gmt":"2021-12-01T00:44:23","guid":{"rendered":"https:\/\/museuflorestal.ambiente.sp.gov.br\/acervo\/?post_type=tnc_col_329_item&#038;p=14674"},"modified":"2021-11-30T22:44:25","modified_gmt":"2021-12-01T00:44:25","slug":"bandeja-com-aplicacao-de-charao-22","status":"publish","type":"tnc_col_329_item","link":"https:\/\/museuflorestal.ambiente.sp.gov.br\/acervo\/museu-florestal-octavio-vecchi\/bandeja-com-aplicacao-de-charao-22\/","title":{"rendered":"Bandeja com aplica\u00e7\u00e3o de char\u00e3o"},"content":{"rendered":"<p>Bandeja redonda de madeira com aplica\u00e7\u00e3o de char\u00e3o. Possui bordas grossas e acabamentos em tr\u00eas n\u00edveis em seu corpo. Na parte posterior h\u00e1 tr\u00eas p\u00e9s com pontas esf\u00e9ricas.<\/p>\n","protected":false},"featured_media":14675,"parent":0,"menu_order":0,"comment_status":"closed","ping_status":"closed","template":"","format":"standard","_links":{"self":[{"href":"https:\/\/museuflorestal.ambiente.sp.gov.br\/acervo\/wp-json\/wp\/v2\/tnc_col_329_item\/14674"}],"collection":[{"href":"https:\/\/museuflorestal.ambiente.sp.gov.br\/acervo\/wp-json\/wp\/v2\/tnc_col_329_item"}],"about":[{"href":"https:\/\/museuflorestal.ambiente.sp.gov.br\/acervo\/wp-json\/wp\/v2\/types\/tnc_col_329_item"}],"replies":[{"embeddable":true,"href":"https:\/\/museuflorestal.ambiente.sp.gov.br\/acervo\/wp-json\/wp\/v2\/comments?post=14674"}],"version-history":[{"count":0,"href":"https:\/\/museuflorestal.ambiente.sp.gov.br\/acervo\/wp-json\/wp\/v2\/tnc_col_329_item\/14674\/revisions"}],"wp:featuredmedia":[{"embeddable":true,"href":"https:\/\/museuflorestal.ambiente.sp.gov.br\/acervo\/wp-json\/wp\/v2\/media\/14675"}],"wp:attachment":[{"href":"https:\/\/museuflorestal.ambiente.sp.gov.br\/acervo\/wp-json\/wp\/v2\/media?parent=14674"}],"curies":[{"name":"wp","href":"https:\/\/api.w.org\/{rel}","templated":true}]}}

Bandeja com aplicação de charão

<p>Bandeja redonda de madeira com aplicação de charão. Possui bordas grossas e acabamentos em três níveis em seu corpo. Na parte posterior há três pés com pontas esféricas.</p>
