{"id":14782,"date":"2021-11-30T22:47:50","date_gmt":"2021-12-01T00:47:50","guid":{"rendered":"https:\/\/museuflorestal.ambiente.sp.gov.br\/acervo\/?post_type=tnc_col_329_item&#038;p=14782"},"modified":"2021-11-30T22:47:52","modified_gmt":"2021-12-01T00:47:52","slug":"placa-de-madeira-com-aplicacao-de-charao-acinzentado-3","status":"publish","type":"tnc_col_329_item","link":"https:\/\/museuflorestal.ambiente.sp.gov.br\/acervo\/museu-florestal-octavio-vecchi\/placa-de-madeira-com-aplicacao-de-charao-acinzentado-3\/","title":{"rendered":"Placa de madeira com aplica\u00e7\u00e3o de char\u00e3o acinzentado"},"content":{"rendered":"<p>Placa retangular de madeira com aplica\u00e7\u00e3o de char\u00e3o cinza na face frontal. Possui os cantos arredondados. No verso, tecido de algod\u00e3o aparente e fita adesiva com a inscri\u00e7\u00e3o \u00e0 caneta azul &#8220;a. c&#8221; e etiqueta branca com a inscri\u00e7\u00e3o &#8220;CH-77I&#8221;.<\/p>\n","protected":false},"featured_media":14783,"parent":0,"menu_order":0,"comment_status":"closed","ping_status":"closed","template":"","format":"standard","_links":{"self":[{"href":"https:\/\/museuflorestal.ambiente.sp.gov.br\/acervo\/wp-json\/wp\/v2\/tnc_col_329_item\/14782"}],"collection":[{"href":"https:\/\/museuflorestal.ambiente.sp.gov.br\/acervo\/wp-json\/wp\/v2\/tnc_col_329_item"}],"about":[{"href":"https:\/\/museuflorestal.ambiente.sp.gov.br\/acervo\/wp-json\/wp\/v2\/types\/tnc_col_329_item"}],"replies":[{"embeddable":true,"href":"https:\/\/museuflorestal.ambiente.sp.gov.br\/acervo\/wp-json\/wp\/v2\/comments?post=14782"}],"version-history":[{"count":0,"href":"https:\/\/museuflorestal.ambiente.sp.gov.br\/acervo\/wp-json\/wp\/v2\/tnc_col_329_item\/14782\/revisions"}],"wp:featuredmedia":[{"embeddable":true,"href":"https:\/\/museuflorestal.ambiente.sp.gov.br\/acervo\/wp-json\/wp\/v2\/media\/14783"}],"wp:attachment":[{"href":"https:\/\/museuflorestal.ambiente.sp.gov.br\/acervo\/wp-json\/wp\/v2\/media?parent=14782"}],"curies":[{"name":"wp","href":"https:\/\/api.w.org\/{rel}","templated":true}]}}

Placa de madeira com aplicação de charão acinzentado

<p>Placa retangular de madeira com aplicação de charão cinza na face frontal. Possui os cantos arredondados. No verso, tecido de algodão aparente e fita adesiva com a inscrição à caneta azul &#8220;a. c&#8221; e etiqueta branca com a inscrição &#8220;CH-77I&#8221;.</p>
