{"id":14795,"date":"2021-11-30T22:48:12","date_gmt":"2021-12-01T00:48:12","guid":{"rendered":"https:\/\/museuflorestal.ambiente.sp.gov.br\/acervo\/?post_type=tnc_col_329_item&#038;p=14795"},"modified":"2021-11-30T22:48:15","modified_gmt":"2021-12-01T00:48:15","slug":"placa-de-madeira-com-aplicacao-de-charao-31","status":"publish","type":"tnc_col_329_item","link":"https:\/\/museuflorestal.ambiente.sp.gov.br\/acervo\/museu-florestal-octavio-vecchi\/placa-de-madeira-com-aplicacao-de-charao-31\/","title":{"rendered":"Placa de madeira com aplica\u00e7\u00e3o de char\u00e3o"},"content":{"rendered":"<p>Placa retangular de madeira com aplica\u00e7\u00e3o de char\u00e3o. Possui a frente lisa, o verso com tecido de algod\u00e3o aparente e com parte de seis etiquetas retangulares brancas com bordas vermelhas com as inscri\u00e7\u00f5es &#8220;14. 5. 65&#8221; e &#8220;13. 5. 65&#8221;, sendo o restante ileg\u00edvel. Possui, tamb\u00e9m, etiqueta branca com a inscri\u00e7\u00e3o &#8220;CH-86&#8221;.<\/p>\n","protected":false},"featured_media":14796,"parent":0,"menu_order":0,"comment_status":"closed","ping_status":"closed","template":"","format":"standard","_links":{"self":[{"href":"https:\/\/museuflorestal.ambiente.sp.gov.br\/acervo\/wp-json\/wp\/v2\/tnc_col_329_item\/14795"}],"collection":[{"href":"https:\/\/museuflorestal.ambiente.sp.gov.br\/acervo\/wp-json\/wp\/v2\/tnc_col_329_item"}],"about":[{"href":"https:\/\/museuflorestal.ambiente.sp.gov.br\/acervo\/wp-json\/wp\/v2\/types\/tnc_col_329_item"}],"replies":[{"embeddable":true,"href":"https:\/\/museuflorestal.ambiente.sp.gov.br\/acervo\/wp-json\/wp\/v2\/comments?post=14795"}],"version-history":[{"count":0,"href":"https:\/\/museuflorestal.ambiente.sp.gov.br\/acervo\/wp-json\/wp\/v2\/tnc_col_329_item\/14795\/revisions"}],"wp:featuredmedia":[{"embeddable":true,"href":"https:\/\/museuflorestal.ambiente.sp.gov.br\/acervo\/wp-json\/wp\/v2\/media\/14796"}],"wp:attachment":[{"href":"https:\/\/museuflorestal.ambiente.sp.gov.br\/acervo\/wp-json\/wp\/v2\/media?parent=14795"}],"curies":[{"name":"wp","href":"https:\/\/api.w.org\/{rel}","templated":true}]}}

Placa de madeira com aplicação de charão

<p>Placa retangular de madeira com aplicação de charão. Possui a frente lisa, o verso com tecido de algodão aparente e com parte de seis etiquetas retangulares brancas com bordas vermelhas com as inscrições &#8220;14. 5. 65&#8221; e &#8220;13. 5. 65&#8221;, sendo o restante ilegível. Possui, também, etiqueta branca com a inscrição &#8220;CH-86&#8221;.</p>
