{"id":14814,"date":"2021-11-30T22:48:48","date_gmt":"2021-12-01T00:48:48","guid":{"rendered":"https:\/\/museuflorestal.ambiente.sp.gov.br\/acervo\/?post_type=tnc_col_329_item&#038;p=14814"},"modified":"2021-11-30T22:48:51","modified_gmt":"2021-12-01T00:48:51","slug":"placa-de-madeira-com-aplicacao-de-charao-35","status":"publish","type":"tnc_col_329_item","link":"https:\/\/museuflorestal.ambiente.sp.gov.br\/acervo\/museu-florestal-octavio-vecchi\/placa-de-madeira-com-aplicacao-de-charao-35\/","title":{"rendered":"Placa de madeira com aplica\u00e7\u00e3o de char\u00e3o"},"content":{"rendered":"<p>Placa retangular de madeira com aplica\u00e7\u00e3o de char\u00e3o. Possui a frente lisa e os cantos arredondados. Verso com tecido de algod\u00e3o aparente e fita adesiva com a inscri\u00e7\u00e3o \u00e0 caneta azul &#8220;teste char\u00e3o ultima m\u00e3o a 15% de \u00f3leo 9-10-60&#8221;, e etiqueta com a inscri\u00e7\u00e3o &#8220;CH-87&#8221;.<\/p>\n","protected":false},"featured_media":14815,"parent":0,"menu_order":0,"comment_status":"closed","ping_status":"closed","template":"","format":"standard","_links":{"self":[{"href":"https:\/\/museuflorestal.ambiente.sp.gov.br\/acervo\/wp-json\/wp\/v2\/tnc_col_329_item\/14814"}],"collection":[{"href":"https:\/\/museuflorestal.ambiente.sp.gov.br\/acervo\/wp-json\/wp\/v2\/tnc_col_329_item"}],"about":[{"href":"https:\/\/museuflorestal.ambiente.sp.gov.br\/acervo\/wp-json\/wp\/v2\/types\/tnc_col_329_item"}],"replies":[{"embeddable":true,"href":"https:\/\/museuflorestal.ambiente.sp.gov.br\/acervo\/wp-json\/wp\/v2\/comments?post=14814"}],"version-history":[{"count":0,"href":"https:\/\/museuflorestal.ambiente.sp.gov.br\/acervo\/wp-json\/wp\/v2\/tnc_col_329_item\/14814\/revisions"}],"wp:featuredmedia":[{"embeddable":true,"href":"https:\/\/museuflorestal.ambiente.sp.gov.br\/acervo\/wp-json\/wp\/v2\/media\/14815"}],"wp:attachment":[{"href":"https:\/\/museuflorestal.ambiente.sp.gov.br\/acervo\/wp-json\/wp\/v2\/media?parent=14814"}],"curies":[{"name":"wp","href":"https:\/\/api.w.org\/{rel}","templated":true}]}}

Placa de madeira com aplicação de charão

<p>Placa retangular de madeira com aplicação de charão. Possui a frente lisa e os cantos arredondados. Verso com tecido de algodão aparente e fita adesiva com a inscrição à caneta azul &#8220;teste charão ultima mão a 15% de óleo 9-10-60&#8221;, e etiqueta com a inscrição &#8220;CH-87&#8221;.</p>
