{"id":14836,"date":"2021-11-30T22:49:29","date_gmt":"2021-12-01T00:49:29","guid":{"rendered":"https:\/\/museuflorestal.ambiente.sp.gov.br\/acervo\/?post_type=tnc_col_329_item&#038;p=14836"},"modified":"2021-11-30T22:49:32","modified_gmt":"2021-12-01T00:49:32","slug":"placa-de-madeira-com-estudo-de-aplicacao-de-charao-2","status":"publish","type":"tnc_col_329_item","link":"https:\/\/museuflorestal.ambiente.sp.gov.br\/acervo\/museu-florestal-octavio-vecchi\/placa-de-madeira-com-estudo-de-aplicacao-de-charao-2\/","title":{"rendered":"Placa de madeira com estudo de aplica\u00e7\u00e3o de char\u00e3o"},"content":{"rendered":"<p>Placa retangular de madeira com aplica\u00e7\u00e3o de char\u00e3o. Possui os cantos arredondados. Na parte da frente h\u00e1 um fundo preto com oito pinceladas nas cores amarelo e verde e, abaixo de cada uma, tem uma etiqueta com inscri\u00e7\u00e3o ileg\u00edvel. No verso, tecido de algod\u00e3o aparente e seis etiquetas com as inscri\u00e7\u00f5es &#8220;19. 2. 65&#8221;, &#8220;19. 2. 65&#8221;, &#8220;23. 2. 65&#8221;, &#8220;4. 3. 65&#8221;, &#8220;10. 3. 65&#8221; e &#8220;11. 3. 65&#8221;, sendo o restante ileg\u00edvel. Em uma extremidade h\u00e1 uma etiqueta branca com a inscri\u00e7\u00e3o &#8220;CH-75&#8221;.<\/p>\n","protected":false},"featured_media":14837,"parent":0,"menu_order":0,"comment_status":"closed","ping_status":"closed","template":"","format":"standard","_links":{"self":[{"href":"https:\/\/museuflorestal.ambiente.sp.gov.br\/acervo\/wp-json\/wp\/v2\/tnc_col_329_item\/14836"}],"collection":[{"href":"https:\/\/museuflorestal.ambiente.sp.gov.br\/acervo\/wp-json\/wp\/v2\/tnc_col_329_item"}],"about":[{"href":"https:\/\/museuflorestal.ambiente.sp.gov.br\/acervo\/wp-json\/wp\/v2\/types\/tnc_col_329_item"}],"replies":[{"embeddable":true,"href":"https:\/\/museuflorestal.ambiente.sp.gov.br\/acervo\/wp-json\/wp\/v2\/comments?post=14836"}],"version-history":[{"count":0,"href":"https:\/\/museuflorestal.ambiente.sp.gov.br\/acervo\/wp-json\/wp\/v2\/tnc_col_329_item\/14836\/revisions"}],"wp:featuredmedia":[{"embeddable":true,"href":"https:\/\/museuflorestal.ambiente.sp.gov.br\/acervo\/wp-json\/wp\/v2\/media\/14837"}],"wp:attachment":[{"href":"https:\/\/museuflorestal.ambiente.sp.gov.br\/acervo\/wp-json\/wp\/v2\/media?parent=14836"}],"curies":[{"name":"wp","href":"https:\/\/api.w.org\/{rel}","templated":true}]}}

Placa de madeira com estudo de aplicação de charão

<p>Placa retangular de madeira com aplicação de charão. Possui os cantos arredondados. Na parte da frente há um fundo preto com oito pinceladas nas cores amarelo e verde e, abaixo de cada uma, tem uma etiqueta com inscrição ilegível. No verso, tecido de algodão aparente e seis etiquetas com as inscrições &#8220;19. 2. 65&#8221;, &#8220;19. 2. 65&#8221;, &#8220;23. 2. 65&#8221;, &#8220;4. 3. 65&#8221;, &#8220;10. 3. 65&#8221; e &#8220;11. 3. 65&#8221;, sendo o restante ilegível. Em uma extremidade há uma etiqueta branca com a inscrição &#8220;CH-75&#8221;.</p>
