{"id":14842,"date":"2021-11-30T22:49:41","date_gmt":"2021-12-01T00:49:41","guid":{"rendered":"https:\/\/museuflorestal.ambiente.sp.gov.br\/acervo\/?post_type=tnc_col_329_item&#038;p=14842"},"modified":"2021-11-30T22:49:44","modified_gmt":"2021-12-01T00:49:44","slug":"placa-de-madeira-com-estudo-de-aplicacao-de-charao-3","status":"publish","type":"tnc_col_329_item","link":"https:\/\/museuflorestal.ambiente.sp.gov.br\/acervo\/museu-florestal-octavio-vecchi\/placa-de-madeira-com-estudo-de-aplicacao-de-charao-3\/","title":{"rendered":"Placa de madeira com estudo de aplica\u00e7\u00e3o de char\u00e3o"},"content":{"rendered":"<p>Placa retangular de madeira com aplica\u00e7\u00e3o de char\u00e3o. Possui os cantos arredondados. A parte da frente \u00e9 composta por um fundo preto com pinceladas vermelhas no centro, quatro pinceladas em amarelo por cima e, ao lado de cada uma, encontram-se quatro etiquetas com as inscri\u00e7\u00f5es &#8220;n\u00ba 4 ti\u00e3o&#8221;, &#8220;n\u00ba3 ti\u00e3o&#8221;, &#8220;n\u00ba2&#8221;, &#8220;n\u00ba1&#8221; respectivamente. No verso h\u00e1 uma etiqueta com a inscri\u00e7\u00e3o &#8220;CH-74&#8221;.<\/p>\n","protected":false},"featured_media":14843,"parent":0,"menu_order":0,"comment_status":"closed","ping_status":"closed","template":"","format":"standard","_links":{"self":[{"href":"https:\/\/museuflorestal.ambiente.sp.gov.br\/acervo\/wp-json\/wp\/v2\/tnc_col_329_item\/14842"}],"collection":[{"href":"https:\/\/museuflorestal.ambiente.sp.gov.br\/acervo\/wp-json\/wp\/v2\/tnc_col_329_item"}],"about":[{"href":"https:\/\/museuflorestal.ambiente.sp.gov.br\/acervo\/wp-json\/wp\/v2\/types\/tnc_col_329_item"}],"replies":[{"embeddable":true,"href":"https:\/\/museuflorestal.ambiente.sp.gov.br\/acervo\/wp-json\/wp\/v2\/comments?post=14842"}],"version-history":[{"count":0,"href":"https:\/\/museuflorestal.ambiente.sp.gov.br\/acervo\/wp-json\/wp\/v2\/tnc_col_329_item\/14842\/revisions"}],"wp:featuredmedia":[{"embeddable":true,"href":"https:\/\/museuflorestal.ambiente.sp.gov.br\/acervo\/wp-json\/wp\/v2\/media\/14843"}],"wp:attachment":[{"href":"https:\/\/museuflorestal.ambiente.sp.gov.br\/acervo\/wp-json\/wp\/v2\/media?parent=14842"}],"curies":[{"name":"wp","href":"https:\/\/api.w.org\/{rel}","templated":true}]}}

Placa de madeira com estudo de aplicação de charão

<p>Placa retangular de madeira com aplicação de charão. Possui os cantos arredondados. A parte da frente é composta por um fundo preto com pinceladas vermelhas no centro, quatro pinceladas em amarelo por cima e, ao lado de cada uma, encontram-se quatro etiquetas com as inscrições &#8220;nº 4 tião&#8221;, &#8220;nº3 tião&#8221;, &#8220;nº2&#8221;, &#8220;nº1&#8221; respectivamente. No verso há uma etiqueta com a inscrição &#8220;CH-74&#8221;.</p>
