{"id":14851,"date":"2021-11-30T22:49:59","date_gmt":"2021-12-01T00:49:59","guid":{"rendered":"https:\/\/museuflorestal.ambiente.sp.gov.br\/acervo\/?post_type=tnc_col_329_item&#038;p=14851"},"modified":"2021-11-30T22:50:02","modified_gmt":"2021-12-01T00:50:02","slug":"placa-de-madeira-com-aplicacao-de-charao-40","status":"publish","type":"tnc_col_329_item","link":"https:\/\/museuflorestal.ambiente.sp.gov.br\/acervo\/museu-florestal-octavio-vecchi\/placa-de-madeira-com-aplicacao-de-charao-40\/","title":{"rendered":"Placa de madeira com aplica\u00e7\u00e3o de char\u00e3o"},"content":{"rendered":"<p>Placa retangular de madeira com tecido de algod\u00e3o em ambas as faces, e base de prepara\u00e7\u00e3o para char\u00e3o. No verso h\u00e1 uma etiqueta com a inscri\u00e7\u00e3o &#8220;CH-77L&#8221;.<\/p>\n","protected":false},"featured_media":14852,"parent":0,"menu_order":0,"comment_status":"closed","ping_status":"closed","template":"","format":"standard","_links":{"self":[{"href":"https:\/\/museuflorestal.ambiente.sp.gov.br\/acervo\/wp-json\/wp\/v2\/tnc_col_329_item\/14851"}],"collection":[{"href":"https:\/\/museuflorestal.ambiente.sp.gov.br\/acervo\/wp-json\/wp\/v2\/tnc_col_329_item"}],"about":[{"href":"https:\/\/museuflorestal.ambiente.sp.gov.br\/acervo\/wp-json\/wp\/v2\/types\/tnc_col_329_item"}],"replies":[{"embeddable":true,"href":"https:\/\/museuflorestal.ambiente.sp.gov.br\/acervo\/wp-json\/wp\/v2\/comments?post=14851"}],"version-history":[{"count":0,"href":"https:\/\/museuflorestal.ambiente.sp.gov.br\/acervo\/wp-json\/wp\/v2\/tnc_col_329_item\/14851\/revisions"}],"wp:featuredmedia":[{"embeddable":true,"href":"https:\/\/museuflorestal.ambiente.sp.gov.br\/acervo\/wp-json\/wp\/v2\/media\/14852"}],"wp:attachment":[{"href":"https:\/\/museuflorestal.ambiente.sp.gov.br\/acervo\/wp-json\/wp\/v2\/media?parent=14851"}],"curies":[{"name":"wp","href":"https:\/\/api.w.org\/{rel}","templated":true}]}}

Placa de madeira com aplicação de charão

<p>Placa retangular de madeira com tecido de algodão em ambas as faces, e base de preparação para charão. No verso há uma etiqueta com a inscrição &#8220;CH-77L&#8221;.</p>
