{"id":15015,"date":"2021-11-30T22:54:36","date_gmt":"2021-12-01T00:54:36","guid":{"rendered":"https:\/\/museuflorestal.ambiente.sp.gov.br\/acervo\/?post_type=tnc_col_329_item&#038;p=15015"},"modified":"2021-11-30T22:54:38","modified_gmt":"2021-12-01T00:54:38","slug":"prato-com-aplicacao-de-charao-19","status":"publish","type":"tnc_col_329_item","link":"https:\/\/museuflorestal.ambiente.sp.gov.br\/acervo\/museu-florestal-octavio-vecchi\/prato-com-aplicacao-de-charao-19\/","title":{"rendered":"Prato com aplica\u00e7\u00e3o de char\u00e3o"},"content":{"rendered":"<p>Prato de madeira com aplica\u00e7\u00e3o de char\u00e3o. A parte superior \u00e9 lisa e na preta. Na parte posterior, acabamento da base em formato de anel. No centro h\u00e1 duas tiras de fita adesiva com inscri\u00e7\u00e3o \u00e0 caneta azul &#8220;escola&#8221; e etiqueta com inscri\u00e7\u00e3o &#8220;CH-124&#8221;.<\/p>\n","protected":false},"featured_media":15016,"parent":0,"menu_order":0,"comment_status":"closed","ping_status":"closed","template":"","format":"standard","_links":{"self":[{"href":"https:\/\/museuflorestal.ambiente.sp.gov.br\/acervo\/wp-json\/wp\/v2\/tnc_col_329_item\/15015"}],"collection":[{"href":"https:\/\/museuflorestal.ambiente.sp.gov.br\/acervo\/wp-json\/wp\/v2\/tnc_col_329_item"}],"about":[{"href":"https:\/\/museuflorestal.ambiente.sp.gov.br\/acervo\/wp-json\/wp\/v2\/types\/tnc_col_329_item"}],"replies":[{"embeddable":true,"href":"https:\/\/museuflorestal.ambiente.sp.gov.br\/acervo\/wp-json\/wp\/v2\/comments?post=15015"}],"version-history":[{"count":0,"href":"https:\/\/museuflorestal.ambiente.sp.gov.br\/acervo\/wp-json\/wp\/v2\/tnc_col_329_item\/15015\/revisions"}],"wp:featuredmedia":[{"embeddable":true,"href":"https:\/\/museuflorestal.ambiente.sp.gov.br\/acervo\/wp-json\/wp\/v2\/media\/15016"}],"wp:attachment":[{"href":"https:\/\/museuflorestal.ambiente.sp.gov.br\/acervo\/wp-json\/wp\/v2\/media?parent=15015"}],"curies":[{"name":"wp","href":"https:\/\/api.w.org\/{rel}","templated":true}]}}

Prato com aplicação de charão

<p>Prato de madeira com aplicação de charão. A parte superior é lisa e na preta. Na parte posterior, acabamento da base em formato de anel. No centro há duas tiras de fita adesiva com inscrição à caneta azul &#8220;escola&#8221; e etiqueta com inscrição &#8220;CH-124&#8221;.</p>
