{"id":15019,"date":"2021-11-30T22:54:43","date_gmt":"2021-12-01T00:54:43","guid":{"rendered":"https:\/\/museuflorestal.ambiente.sp.gov.br\/acervo\/?post_type=tnc_col_329_item&#038;p=15019"},"modified":"2021-11-30T22:54:46","modified_gmt":"2021-12-01T00:54:46","slug":"prato-com-aplicacao-de-charao-20","status":"publish","type":"tnc_col_329_item","link":"https:\/\/museuflorestal.ambiente.sp.gov.br\/acervo\/museu-florestal-octavio-vecchi\/prato-com-aplicacao-de-charao-20\/","title":{"rendered":"Prato com aplica\u00e7\u00e3o de char\u00e3o"},"content":{"rendered":"<p>Prato de madeira com aplica\u00e7\u00e3o de char\u00e3o. A parte superior \u00e9 lisa e a parte posterior possui uma etiqueta com a inscri\u00e7\u00e3o &#8220;CH-118&#8221;.<\/p>\n","protected":false},"featured_media":15020,"parent":0,"menu_order":0,"comment_status":"closed","ping_status":"closed","template":"","format":"standard","_links":{"self":[{"href":"https:\/\/museuflorestal.ambiente.sp.gov.br\/acervo\/wp-json\/wp\/v2\/tnc_col_329_item\/15019"}],"collection":[{"href":"https:\/\/museuflorestal.ambiente.sp.gov.br\/acervo\/wp-json\/wp\/v2\/tnc_col_329_item"}],"about":[{"href":"https:\/\/museuflorestal.ambiente.sp.gov.br\/acervo\/wp-json\/wp\/v2\/types\/tnc_col_329_item"}],"replies":[{"embeddable":true,"href":"https:\/\/museuflorestal.ambiente.sp.gov.br\/acervo\/wp-json\/wp\/v2\/comments?post=15019"}],"version-history":[{"count":0,"href":"https:\/\/museuflorestal.ambiente.sp.gov.br\/acervo\/wp-json\/wp\/v2\/tnc_col_329_item\/15019\/revisions"}],"wp:featuredmedia":[{"embeddable":true,"href":"https:\/\/museuflorestal.ambiente.sp.gov.br\/acervo\/wp-json\/wp\/v2\/media\/15020"}],"wp:attachment":[{"href":"https:\/\/museuflorestal.ambiente.sp.gov.br\/acervo\/wp-json\/wp\/v2\/media?parent=15019"}],"curies":[{"name":"wp","href":"https:\/\/api.w.org\/{rel}","templated":true}]}}

Prato com aplicação de charão

<p>Prato de madeira com aplicação de charão. A parte superior é lisa e a parte posterior possui uma etiqueta com a inscrição &#8220;CH-118&#8221;.</p>
